{"id":461,"date":"2025-05-06T17:00:43","date_gmt":"2025-05-06T15:00:43","guid":{"rendered":"https:\/\/admjc38.org\/?post_type=job_listing&#038;p=461"},"modified":"2025-07-15T10:27:14","modified_gmt":"2025-07-15T08:27:14","slug":"461","status":"publish","type":"job_listing","link":"https:\/\/admjc38.org\/index.php\/poste\/461\/","title":{"rendered":"Coordinateur.rice accompagnement \u00e0 la scolarit\u00e9"},"content":{"rendered":"<p>La MJC de VOIRON recrute un coordinateur H\/F dans le cadre d\u2019un remplacement de salari\u00e9 absent pour coordonner le secteur de l\u2019accompagnement \u00e0 la scolarit\u00e9<\/p>\n<p><strong>Descriptif du poste :<\/strong><br \/>\n<a href=\"http:\/\/admjc38.org\/wp-content\/uploads\/2025\/05\/240122Fiche-de-poste-coordinateur-accompagnement-a-la-scolarite-2.pdf\">240122Fiche de poste coordinateur accompagnement \u00e0 la scolarit\u00e9 (2)<\/a><\/p>\n<ul>\n<li><strong>Enjeux rep\u00e9r\u00e9s du poste :<\/strong><br \/>\nAccompagnement d\u2019une des 5 animatrices r\u00e9f\u00e9rentes r\u00e9cemment recrut\u00e9e<br \/>\nAccompagnement de 2 services civiques<br \/>\nSuivi de 3 animateurs<br \/>\nSupervision de l\u2019accompagnement d\u2019une quarantaine de b\u00e9n\u00e9voles<br \/>\nMise en oeuvre des projets des 120 enfants et jeunes dans le respect du budget et de la<br \/>\nr\u00e9glementation<br \/>\nRenforcement des liens avec les partenaires<\/li>\n<\/ul>\n<p><strong>Sp\u00e9cificit\u00e9 du poste : <\/strong>temps de travail en soir\u00e9e<\/p>\n<p><strong>Dipl\u00f4me souhait\u00e9 :<\/strong> DEJEPS ou \u00e9quivalent<\/p>\n<p><strong>Conditions du poste :<\/strong> CDD de remplacement sans terme pr\u00e9cis<\/p>\n<p>Temps plein<br \/>\nSalaire selon la convention collective ECLAT<br \/>\nClassement du poste : groupe E coefficient 325<br \/>\nSalaire brut : environ 2295.19 \u20ac\/mois<\/p>\n<p>Pour postuler :<\/p>\n<p>Envoyer CV + lettre de motivation d\u00e8s que possible \u00e0 l\u2019attention de : Madame la Pr\u00e9sidente MJC de VOIRON 93 avenue Jean Jaur\u00e8s 38500 VOIRON<\/p>\n<p><strong>Ou par mail \u00e0 direction@mjc-voiron.org<\/strong><\/p>\n","protected":false},"author":3,"featured_media":463,"template":"","meta":{"_promoted":"","_job_location":"Voiron","_application":"direction@mjc-voiron.org","_company_name":"MJC de Voiron","_company_website":"https:\/\/www.mjcvoiron.org\/","_company_tagline":"","_company_twitter":"","_company_video":"","_filled":1,"_featured":1,"_remote_position":0,"_job_salary":"","_job_salary_currency":"","_job_salary_unit":""},"job-types":[14],"class_list":{"0":"post-461","1":"job_listing","2":"type-job_listing","3":"status-publish","4":"has-post-thumbnail","5":"hentry","7":"job-type-cdd","8":"job_position_filled","9":"job_position_featured"},"yoast_head":"<!-- This site is optimized with the Yoast SEO plugin v24.8 - https:\/\/yoast.com\/wordpress\/plugins\/seo\/ -->\n<title>Coordinateur.rice accompagnement \u00e0 la scolarit\u00e9 - AD MJC 38<\/title>\n<meta name=\"robots\" content=\"index, follow, max-snippet:-1, max-image-preview:large, max-video-preview:-1\" \/>\n<link rel=\"canonical\" href=\"https:\/\/admjc38.org\/index.php\/poste\/461\/\" \/>\n<meta property=\"og:locale\" content=\"fr_FR\" \/>\n<meta property=\"og:type\" content=\"article\" \/>\n<meta property=\"og:title\" content=\"Coordinateur.rice accompagnement \u00e0 la scolarit\u00e9 - AD MJC 38\" \/>\n<meta property=\"og:description\" content=\"La MJC de VOIRON recrute un coordinateur H\/F dans le cadre d\u2019un remplacement de salari\u00e9 absent pour coordonner le secteur de l\u2019accompagnement [&hellip;]\" \/>\n<meta property=\"og:url\" content=\"https:\/\/admjc38.org\/index.php\/poste\/461\/\" \/>\n<meta property=\"og:site_name\" content=\"AD MJC 38\" \/>\n<meta property=\"article:modified_time\" content=\"2025-07-15T08:27:14+00:00\" \/>\n<meta property=\"og:image\" content=\"http:\/\/admjc38.org\/wp-content\/uploads\/2025\/05\/mjc-voiron.png\" \/>\n\t<meta property=\"og:image:width\" content=\"225\" \/>\n\t<meta property=\"og:image:height\" content=\"225\" \/>\n\t<meta property=\"og:image:type\" content=\"image\/png\" \/>\n<meta name=\"twitter:card\" content=\"summary_large_image\" \/>\n<meta name=\"twitter:label1\" content=\"Dur\u00e9e de lecture estim\u00e9e\" \/>\n\t<meta name=\"twitter:data1\" content=\"2 minutes\" \/>\n<script type=\"application\/ld+json\" class=\"yoast-schema-graph\">{\"@context\":\"https:\/\/schema.org\",\"@graph\":[{\"@type\":\"WebPage\",\"@id\":\"https:\/\/admjc38.org\/index.php\/poste\/461\/\",\"url\":\"https:\/\/admjc38.org\/index.php\/poste\/461\/\",\"name\":\"Coordinateur.rice accompagnement \u00e0 la scolarit\u00e9 - AD MJC 38\",\"isPartOf\":{\"@id\":\"https:\/\/admjc38.org\/#website\"},\"primaryImageOfPage\":{\"@id\":\"https:\/\/admjc38.org\/index.php\/poste\/461\/#primaryimage\"},\"image\":{\"@id\":\"https:\/\/admjc38.org\/index.php\/poste\/461\/#primaryimage\"},\"thumbnailUrl\":\"https:\/\/admjc38.org\/wp-content\/uploads\/2025\/05\/mjc-voiron.png\",\"datePublished\":\"2025-05-06T15:00:43+00:00\",\"dateModified\":\"2025-07-15T08:27:14+00:00\",\"breadcrumb\":{\"@id\":\"https:\/\/admjc38.org\/index.php\/poste\/461\/#breadcrumb\"},\"inLanguage\":\"fr-FR\",\"potentialAction\":[{\"@type\":\"ReadAction\",\"target\":[\"https:\/\/admjc38.org\/index.php\/poste\/461\/\"]}]},{\"@type\":\"ImageObject\",\"inLanguage\":\"fr-FR\",\"@id\":\"https:\/\/admjc38.org\/index.php\/poste\/461\/#primaryimage\",\"url\":\"https:\/\/admjc38.org\/wp-content\/uploads\/2025\/05\/mjc-voiron.png\",\"contentUrl\":\"https:\/\/admjc38.org\/wp-content\/uploads\/2025\/05\/mjc-voiron.png\",\"width\":225,\"height\":225},{\"@type\":\"BreadcrumbList\",\"@id\":\"https:\/\/admjc38.org\/index.php\/poste\/461\/#breadcrumb\",\"itemListElement\":[{\"@type\":\"ListItem\",\"position\":1,\"name\":\"Accueil\",\"item\":\"https:\/\/admjc38.org\/\"},{\"@type\":\"ListItem\",\"position\":2,\"name\":\"Coordinateur.rice accompagnement \u00e0 la scolarit\u00e9\"}]},{\"@type\":\"WebSite\",\"@id\":\"https:\/\/admjc38.org\/#website\",\"url\":\"https:\/\/admjc38.org\/\",\"name\":\"AD MJC 38\",\"description\":\"Le site des Maisons des Jeunes et de la Culture de l\u2019Is\u00e8re\u00a0\",\"publisher\":{\"@id\":\"https:\/\/admjc38.org\/#organization\"},\"potentialAction\":[{\"@type\":\"SearchAction\",\"target\":{\"@type\":\"EntryPoint\",\"urlTemplate\":\"https:\/\/admjc38.org\/?s={search_term_string}\"},\"query-input\":{\"@type\":\"PropertyValueSpecification\",\"valueRequired\":true,\"valueName\":\"search_term_string\"}}],\"inLanguage\":\"fr-FR\"},{\"@type\":\"Organization\",\"@id\":\"https:\/\/admjc38.org\/#organization\",\"name\":\"Association D\u00e9partementale des Maisons des Jeunes et de la Culture de l'Is\u00e8re\",\"url\":\"https:\/\/admjc38.org\/\",\"logo\":{\"@type\":\"ImageObject\",\"inLanguage\":\"fr-FR\",\"@id\":\"https:\/\/admjc38.org\/#\/schema\/logo\/image\/\",\"url\":\"https:\/\/admjc38.org\/wp-content\/uploads\/2024\/01\/Logo-AD-MJC-38.png\",\"contentUrl\":\"https:\/\/admjc38.org\/wp-content\/uploads\/2024\/01\/Logo-AD-MJC-38.png\",\"width\":441,\"height\":701,\"caption\":\"Association D\u00e9partementale des Maisons des Jeunes et de la Culture de l'Is\u00e8re\"},\"image\":{\"@id\":\"https:\/\/admjc38.org\/#\/schema\/logo\/image\/\"}}]}<\/script>\n<!-- \/ Yoast SEO plugin. -->","yoast_head_json":{"title":"Coordinateur.rice accompagnement \u00e0 la scolarit\u00e9 - AD MJC 38","robots":{"index":"index","follow":"follow","max-snippet":"max-snippet:-1","max-image-preview":"max-image-preview:large","max-video-preview":"max-video-preview:-1"},"canonical":"https:\/\/admjc38.org\/index.php\/poste\/461\/","og_locale":"fr_FR","og_type":"article","og_title":"Coordinateur.rice accompagnement \u00e0 la scolarit\u00e9 - AD MJC 38","og_description":"La MJC de VOIRON recrute un coordinateur H\/F dans le cadre d\u2019un remplacement de salari\u00e9 absent pour coordonner le secteur de l\u2019accompagnement [&hellip;]","og_url":"https:\/\/admjc38.org\/index.php\/poste\/461\/","og_site_name":"AD MJC 38","article_modified_time":"2025-07-15T08:27:14+00:00","og_image":[{"width":225,"height":225,"url":"http:\/\/admjc38.org\/wp-content\/uploads\/2025\/05\/mjc-voiron.png","type":"image\/png"}],"twitter_card":"summary_large_image","twitter_misc":{"Dur\u00e9e de lecture estim\u00e9e":"2 minutes"},"schema":{"@context":"https:\/\/schema.org","@graph":[{"@type":"WebPage","@id":"https:\/\/admjc38.org\/index.php\/poste\/461\/","url":"https:\/\/admjc38.org\/index.php\/poste\/461\/","name":"Coordinateur.rice accompagnement \u00e0 la scolarit\u00e9 - AD MJC 38","isPartOf":{"@id":"https:\/\/admjc38.org\/#website"},"primaryImageOfPage":{"@id":"https:\/\/admjc38.org\/index.php\/poste\/461\/#primaryimage"},"image":{"@id":"https:\/\/admjc38.org\/index.php\/poste\/461\/#primaryimage"},"thumbnailUrl":"https:\/\/admjc38.org\/wp-content\/uploads\/2025\/05\/mjc-voiron.png","datePublished":"2025-05-06T15:00:43+00:00","dateModified":"2025-07-15T08:27:14+00:00","breadcrumb":{"@id":"https:\/\/admjc38.org\/index.php\/poste\/461\/#breadcrumb"},"inLanguage":"fr-FR","potentialAction":[{"@type":"ReadAction","target":["https:\/\/admjc38.org\/index.php\/poste\/461\/"]}]},{"@type":"ImageObject","inLanguage":"fr-FR","@id":"https:\/\/admjc38.org\/index.php\/poste\/461\/#primaryimage","url":"https:\/\/admjc38.org\/wp-content\/uploads\/2025\/05\/mjc-voiron.png","contentUrl":"https:\/\/admjc38.org\/wp-content\/uploads\/2025\/05\/mjc-voiron.png","width":225,"height":225},{"@type":"BreadcrumbList","@id":"https:\/\/admjc38.org\/index.php\/poste\/461\/#breadcrumb","itemListElement":[{"@type":"ListItem","position":1,"name":"Accueil","item":"https:\/\/admjc38.org\/"},{"@type":"ListItem","position":2,"name":"Coordinateur.rice accompagnement \u00e0 la scolarit\u00e9"}]},{"@type":"WebSite","@id":"https:\/\/admjc38.org\/#website","url":"https:\/\/admjc38.org\/","name":"AD MJC 38","description":"Le site des Maisons des Jeunes et de la Culture de l\u2019Is\u00e8re\u00a0","publisher":{"@id":"https:\/\/admjc38.org\/#organization"},"potentialAction":[{"@type":"SearchAction","target":{"@type":"EntryPoint","urlTemplate":"https:\/\/admjc38.org\/?s={search_term_string}"},"query-input":{"@type":"PropertyValueSpecification","valueRequired":true,"valueName":"search_term_string"}}],"inLanguage":"fr-FR"},{"@type":"Organization","@id":"https:\/\/admjc38.org\/#organization","name":"Association D\u00e9partementale des Maisons des Jeunes et de la Culture de l'Is\u00e8re","url":"https:\/\/admjc38.org\/","logo":{"@type":"ImageObject","inLanguage":"fr-FR","@id":"https:\/\/admjc38.org\/#\/schema\/logo\/image\/","url":"https:\/\/admjc38.org\/wp-content\/uploads\/2024\/01\/Logo-AD-MJC-38.png","contentUrl":"https:\/\/admjc38.org\/wp-content\/uploads\/2024\/01\/Logo-AD-MJC-38.png","width":441,"height":701,"caption":"Association D\u00e9partementale des Maisons des Jeunes et de la Culture de l'Is\u00e8re"},"image":{"@id":"https:\/\/admjc38.org\/#\/schema\/logo\/image\/"}}]}},"_links":{"self":[{"href":"https:\/\/admjc38.org\/index.php\/wp-json\/wp\/v2\/job-listings\/461","targetHints":{"allow":["GET"]}}],"collection":[{"href":"https:\/\/admjc38.org\/index.php\/wp-json\/wp\/v2\/job-listings"}],"about":[{"href":"https:\/\/admjc38.org\/index.php\/wp-json\/wp\/v2\/types\/job_listing"}],"author":[{"embeddable":true,"href":"https:\/\/admjc38.org\/index.php\/wp-json\/wp\/v2\/users\/3"}],"wp:featuredmedia":[{"embeddable":true,"href":"https:\/\/admjc38.org\/index.php\/wp-json\/wp\/v2\/media\/463"}],"wp:attachment":[{"href":"https:\/\/admjc38.org\/index.php\/wp-json\/wp\/v2\/media?parent=461"}],"wp:term":[{"taxonomy":"job_listing_type","embeddable":true,"href":"https:\/\/admjc38.org\/index.php\/wp-json\/wp\/v2\/job-types?post=461"}],"curies":[{"name":"wp","href":"https:\/\/api.w.org\/{rel}","templated":true}]}}

Coordinateur.rice accompagnement à la scolarité

<p>La MJC de VOIRON recrute un coordinateur H/F dans le cadre d’un remplacement de salarié absent pour coordonner le secteur de l’accompagnement à la scolarité</p>
<p><strong>Descriptif du poste :</strong><br />
<a href="http://admjc38.org/wp-content/uploads/2025/05/240122Fiche-de-poste-coordinateur-accompagnement-a-la-scolarite-2.pdf">240122Fiche de poste coordinateur accompagnement à la scolarité (2)</a></p>
<ul>
<li><strong>Enjeux repérés du poste :</strong><br />
Accompagnement d’une des 5 animatrices référentes récemment recrutée<br />
Accompagnement de 2 services civiques<br />
Suivi de 3 animateurs<br />
Supervision de l’accompagnement d’une quarantaine de bénévoles<br />
Mise en oeuvre des projets des 120 enfants et jeunes dans le respect du budget et de la<br />
réglementation<br />
Renforcement des liens avec les partenaires</li>
</ul>
<p><strong>Spécificité du poste : </strong>temps de travail en soirée</p>
<p><strong>Diplôme souhaité :</strong> DEJEPS ou équivalent</p>
<p><strong>Conditions du poste :</strong> CDD de remplacement sans terme précis</p>
<p>Temps plein<br />
Salaire selon la convention collective ECLAT<br />
Classement du poste : groupe E coefficient 325<br />
Salaire brut : environ 2295.19 €/mois</p>
<p>Pour postuler :</p>
<p>Envoyer CV + lettre de motivation dès que possible à l’attention de : Madame la Présidente MJC de VOIRON 93 avenue Jean Jaurès 38500 VOIRON</p>
<p><strong>Ou par mail à direction@mjc-voiron.org</strong></p>

<!-- This site is optimized with the Yoast SEO plugin v24.8 - https://yoast.com/wordpress/plugins/seo/ -->
<title>Coordinateur.rice accompagnement à la scolarité - AD MJC 38</title>
<meta name="robots" content="index, follow, max-snippet:-1, max-image-preview:large, max-video-preview:-1" />
<link rel="canonical" href="https://admjc38.org/index.php/poste/461/" />
<meta property="og:locale" content="fr_FR" />
<meta property="og:type" content="article" />
<meta property="og:title" content="Coordinateur.rice accompagnement à la scolarité - AD MJC 38" />
<meta property="og:description" content="La MJC de VOIRON recrute un coordinateur H/F dans le cadre d’un remplacement de salarié absent pour coordonner le secteur de l’accompagnement [&hellip;]" />
<meta property="og:url" content="https://admjc38.org/index.php/poste/461/" />
<meta property="og:site_name" content="AD MJC 38" />
<meta property="article:modified_time" content="2025-07-15T08:27:14+00:00" />
<meta property="og:image" content="http://admjc38.org/wp-content/uploads/2025/05/mjc-voiron.png" />
	<meta property="og:image:width" content="225" />
	<meta property="og:image:height" content="225" />
	<meta property="og:image:type" content="image/png" />
<meta name="twitter:card" content="summary_large_image" />
<meta name="twitter:label1" content="Durée de lecture estimée" />
	<meta name="twitter:data1" content="2 minutes" />
<script type="application/ld+json" class="yoast-schema-graph">{"@context":"https://schema.org","@graph":[{"@type":"WebPage","@id":"https://admjc38.org/index.php/poste/461/","url":"https://admjc38.org/index.php/poste/461/","name":"Coordinateur.rice accompagnement à la scolarité - AD MJC 38","isPartOf":{"@id":"https://admjc38.org/#website"},"primaryImageOfPage":{"@id":"https://admjc38.org/index.php/poste/461/#primaryimage"},"image":{"@id":"https://admjc38.org/index.php/poste/461/#primaryimage"},"thumbnailUrl":"https://admjc38.org/wp-content/uploads/2025/05/mjc-voiron.png","datePublished":"2025-05-06T15:00:43+00:00","dateModified":"2025-07-15T08:27:14+00:00","breadcrumb":{"@id":"https://admjc38.org/index.php/poste/461/#breadcrumb"},"inLanguage":"fr-FR","potentialAction":[{"@type":"ReadAction","target":["https://admjc38.org/index.php/poste/461/"]}]},{"@type":"ImageObject","inLanguage":"fr-FR","@id":"https://admjc38.org/index.php/poste/461/#primaryimage","url":"https://admjc38.org/wp-content/uploads/2025/05/mjc-voiron.png","contentUrl":"https://admjc38.org/wp-content/uploads/2025/05/mjc-voiron.png","width":225,"height":225},{"@type":"BreadcrumbList","@id":"https://admjc38.org/index.php/poste/461/#breadcrumb","itemListElement":[{"@type":"ListItem","position":1,"name":"Accueil","item":"https://admjc38.org/"},{"@type":"ListItem","position":2,"name":"Coordinateur.rice accompagnement à la scolarité"}]},{"@type":"WebSite","@id":"https://admjc38.org/#website","url":"https://admjc38.org/","name":"AD MJC 38","description":"Le site des Maisons des Jeunes et de la Culture de l’Isère ","publisher":{"@id":"https://admjc38.org/#organization"},"potentialAction":[{"@type":"SearchAction","target":{"@type":"EntryPoint","urlTemplate":"https://admjc38.org/?s={search_term_string}"},"query-input":{"@type":"PropertyValueSpecification","valueRequired":true,"valueName":"search_term_string"}}],"inLanguage":"fr-FR"},{"@type":"Organization","@id":"https://admjc38.org/#organization","name":"Association Départementale des Maisons des Jeunes et de la Culture de l'Isère","url":"https://admjc38.org/","logo":{"@type":"ImageObject","inLanguage":"fr-FR","@id":"https://admjc38.org/#/schema/logo/image/","url":"https://admjc38.org/wp-content/uploads/2024/01/Logo-AD-MJC-38.png","contentUrl":"https://admjc38.org/wp-content/uploads/2024/01/Logo-AD-MJC-38.png","width":441,"height":701,"caption":"Association Départementale des Maisons des Jeunes et de la Culture de l'Isère"},"image":{"@id":"https://admjc38.org/#/schema/logo/image/"}}]}</script>
<!-- / Yoast SEO plugin. -->

Coordinateur.rice accompagnement à la scolarité - AD MJC 38

La MJC de VOIRON recrute un coordinateur H/F dans le cadre d’un remplacement de salarié absent pour coordonner le secteur de l’accompagnement [&hellip;]

Le site des Maisons des Jeunes et de la Culture de l’Isère

Association Départementale des Maisons des Jeunes et de la Culture de l'Isère
