{"id":473,"date":"2025-06-12T11:11:31","date_gmt":"2025-06-12T09:11:31","guid":{"rendered":"https:\/\/admjc38.org\/?post_type=job_listing&#038;p=473"},"modified":"2026-01-09T15:00:45","modified_gmt":"2026-01-09T14:00:45","slug":"professeur-e-de-piano","status":"publish","type":"job_listing","link":"https:\/\/admjc38.org\/index.php\/poste\/professeur-e-de-piano\/","title":{"rendered":"Professeur.e de piano"},"content":{"rendered":"<p>&nbsp;<\/p>\n<p>Pour la rentr\u00e9e prochaine, la MJC des Eaux Claires est \u00e0 la recherche d\u2019un ou d\u2019une super pianiste pour donner des cours aux petits et grands de la MJC des Eaux Claires.<br \/>\nCr\u00e9neaux individuels de 20 minutes les mardis 16h30-20h et mercredi de 13h30 \u00e0 19h.<\/p>\n<p>Pour toutes les informations compl\u00e9mentaires, n\u2019h\u00e9sitez pas \u00e0 contacter C\u00e9lia CLERC\u00a0: 04.76.49.15.01 \u2013 <a href=\"mailto:contact@mjceauxclaires.fr\">contact@mjceauxclaires.fr<\/a><\/p>\n<p>&nbsp;<\/p>\n","protected":false},"author":3,"featured_media":474,"template":"","meta":{"_promoted":"","_job_location":"Grenoble","_application":"mailto:contact@mjceauxclaires.fr","_company_name":"MJC Eaux Claires","_company_website":"https:\/\/www.mjceauxclaires.fr\/","_company_tagline":"","_company_twitter":"","_company_video":"","_filled":1,"_featured":1,"_remote_position":0,"_job_salary":"","_job_salary_currency":"","_job_salary_unit":""},"job-types":[13],"class_list":{"0":"post-473","1":"job_listing","2":"type-job_listing","3":"status-publish","4":"has-post-thumbnail","5":"hentry","7":"job-type-temps-partiel","8":"job_position_filled","9":"job_position_featured"},"yoast_head":"<!-- This site is optimized with the Yoast SEO plugin v24.8 - https:\/\/yoast.com\/wordpress\/plugins\/seo\/ -->\n<title>Professeur.e de piano - AD MJC 38<\/title>\n<meta name=\"robots\" content=\"index, follow, max-snippet:-1, max-image-preview:large, max-video-preview:-1\" \/>\n<link rel=\"canonical\" href=\"https:\/\/admjc38.org\/index.php\/poste\/professeur-e-de-piano\/\" \/>\n<meta property=\"og:locale\" content=\"fr_FR\" \/>\n<meta property=\"og:type\" content=\"article\" \/>\n<meta property=\"og:title\" content=\"Professeur.e de piano - AD MJC 38\" \/>\n<meta property=\"og:description\" content=\"&nbsp; Pour la rentr\u00e9e prochaine, la MJC des Eaux Claires est \u00e0 la recherche d\u2019un ou d\u2019une super pianiste pour donner des [&hellip;]\" \/>\n<meta property=\"og:url\" content=\"https:\/\/admjc38.org\/index.php\/poste\/professeur-e-de-piano\/\" \/>\n<meta property=\"og:site_name\" content=\"AD MJC 38\" \/>\n<meta property=\"article:modified_time\" content=\"2026-01-09T14:00:45+00:00\" \/>\n<meta property=\"og:image\" content=\"http:\/\/admjc38.org\/wp-content\/uploads\/2025\/06\/Logo-MJC-EC-couleurs-1920w-e1749719904401.png\" \/>\n\t<meta property=\"og:image:width\" content=\"500\" \/>\n\t<meta property=\"og:image:height\" content=\"311\" \/>\n\t<meta property=\"og:image:type\" content=\"image\/png\" \/>\n<meta name=\"twitter:card\" content=\"summary_large_image\" \/>\n<meta name=\"twitter:label1\" content=\"Dur\u00e9e de lecture estim\u00e9e\" \/>\n\t<meta name=\"twitter:data1\" content=\"1 minute\" \/>\n<script type=\"application\/ld+json\" class=\"yoast-schema-graph\">{\"@context\":\"https:\/\/schema.org\",\"@graph\":[{\"@type\":\"WebPage\",\"@id\":\"https:\/\/admjc38.org\/index.php\/poste\/professeur-e-de-piano\/\",\"url\":\"https:\/\/admjc38.org\/index.php\/poste\/professeur-e-de-piano\/\",\"name\":\"Professeur.e de piano - AD MJC 38\",\"isPartOf\":{\"@id\":\"https:\/\/admjc38.org\/#website\"},\"primaryImageOfPage\":{\"@id\":\"https:\/\/admjc38.org\/index.php\/poste\/professeur-e-de-piano\/#primaryimage\"},\"image\":{\"@id\":\"https:\/\/admjc38.org\/index.php\/poste\/professeur-e-de-piano\/#primaryimage\"},\"thumbnailUrl\":\"https:\/\/admjc38.org\/wp-content\/uploads\/2025\/06\/Logo-MJC-EC-couleurs-1920w-e1749719904401.png\",\"datePublished\":\"2025-06-12T09:11:31+00:00\",\"dateModified\":\"2026-01-09T14:00:45+00:00\",\"breadcrumb\":{\"@id\":\"https:\/\/admjc38.org\/index.php\/poste\/professeur-e-de-piano\/#breadcrumb\"},\"inLanguage\":\"fr-FR\",\"potentialAction\":[{\"@type\":\"ReadAction\",\"target\":[\"https:\/\/admjc38.org\/index.php\/poste\/professeur-e-de-piano\/\"]}]},{\"@type\":\"ImageObject\",\"inLanguage\":\"fr-FR\",\"@id\":\"https:\/\/admjc38.org\/index.php\/poste\/professeur-e-de-piano\/#primaryimage\",\"url\":\"https:\/\/admjc38.org\/wp-content\/uploads\/2025\/06\/Logo-MJC-EC-couleurs-1920w-e1749719904401.png\",\"contentUrl\":\"https:\/\/admjc38.org\/wp-content\/uploads\/2025\/06\/Logo-MJC-EC-couleurs-1920w-e1749719904401.png\",\"width\":500,\"height\":311},{\"@type\":\"BreadcrumbList\",\"@id\":\"https:\/\/admjc38.org\/index.php\/poste\/professeur-e-de-piano\/#breadcrumb\",\"itemListElement\":[{\"@type\":\"ListItem\",\"position\":1,\"name\":\"Accueil\",\"item\":\"https:\/\/admjc38.org\/\"},{\"@type\":\"ListItem\",\"position\":2,\"name\":\"Professeur.e de piano\"}]},{\"@type\":\"WebSite\",\"@id\":\"https:\/\/admjc38.org\/#website\",\"url\":\"https:\/\/admjc38.org\/\",\"name\":\"AD MJC 38\",\"description\":\"Le site des Maisons des Jeunes et de la Culture de l\u2019Is\u00e8re\u00a0\",\"publisher\":{\"@id\":\"https:\/\/admjc38.org\/#organization\"},\"potentialAction\":[{\"@type\":\"SearchAction\",\"target\":{\"@type\":\"EntryPoint\",\"urlTemplate\":\"https:\/\/admjc38.org\/?s={search_term_string}\"},\"query-input\":{\"@type\":\"PropertyValueSpecification\",\"valueRequired\":true,\"valueName\":\"search_term_string\"}}],\"inLanguage\":\"fr-FR\"},{\"@type\":\"Organization\",\"@id\":\"https:\/\/admjc38.org\/#organization\",\"name\":\"Association D\u00e9partementale des Maisons des Jeunes et de la Culture de l'Is\u00e8re\",\"url\":\"https:\/\/admjc38.org\/\",\"logo\":{\"@type\":\"ImageObject\",\"inLanguage\":\"fr-FR\",\"@id\":\"https:\/\/admjc38.org\/#\/schema\/logo\/image\/\",\"url\":\"https:\/\/admjc38.org\/wp-content\/uploads\/2024\/01\/Logo-AD-MJC-38.png\",\"contentUrl\":\"https:\/\/admjc38.org\/wp-content\/uploads\/2024\/01\/Logo-AD-MJC-38.png\",\"width\":441,\"height\":701,\"caption\":\"Association D\u00e9partementale des Maisons des Jeunes et de la Culture de l'Is\u00e8re\"},\"image\":{\"@id\":\"https:\/\/admjc38.org\/#\/schema\/logo\/image\/\"}}]}<\/script>\n<!-- \/ Yoast SEO plugin. -->","yoast_head_json":{"title":"Professeur.e de piano - AD MJC 38","robots":{"index":"index","follow":"follow","max-snippet":"max-snippet:-1","max-image-preview":"max-image-preview:large","max-video-preview":"max-video-preview:-1"},"canonical":"https:\/\/admjc38.org\/index.php\/poste\/professeur-e-de-piano\/","og_locale":"fr_FR","og_type":"article","og_title":"Professeur.e de piano - AD MJC 38","og_description":"&nbsp; Pour la rentr\u00e9e prochaine, la MJC des Eaux Claires est \u00e0 la recherche d\u2019un ou d\u2019une super pianiste pour donner des [&hellip;]","og_url":"https:\/\/admjc38.org\/index.php\/poste\/professeur-e-de-piano\/","og_site_name":"AD MJC 38","article_modified_time":"2026-01-09T14:00:45+00:00","og_image":[{"width":500,"height":311,"url":"http:\/\/admjc38.org\/wp-content\/uploads\/2025\/06\/Logo-MJC-EC-couleurs-1920w-e1749719904401.png","type":"image\/png"}],"twitter_card":"summary_large_image","twitter_misc":{"Dur\u00e9e de lecture estim\u00e9e":"1 minute"},"schema":{"@context":"https:\/\/schema.org","@graph":[{"@type":"WebPage","@id":"https:\/\/admjc38.org\/index.php\/poste\/professeur-e-de-piano\/","url":"https:\/\/admjc38.org\/index.php\/poste\/professeur-e-de-piano\/","name":"Professeur.e de piano - AD MJC 38","isPartOf":{"@id":"https:\/\/admjc38.org\/#website"},"primaryImageOfPage":{"@id":"https:\/\/admjc38.org\/index.php\/poste\/professeur-e-de-piano\/#primaryimage"},"image":{"@id":"https:\/\/admjc38.org\/index.php\/poste\/professeur-e-de-piano\/#primaryimage"},"thumbnailUrl":"https:\/\/admjc38.org\/wp-content\/uploads\/2025\/06\/Logo-MJC-EC-couleurs-1920w-e1749719904401.png","datePublished":"2025-06-12T09:11:31+00:00","dateModified":"2026-01-09T14:00:45+00:00","breadcrumb":{"@id":"https:\/\/admjc38.org\/index.php\/poste\/professeur-e-de-piano\/#breadcrumb"},"inLanguage":"fr-FR","potentialAction":[{"@type":"ReadAction","target":["https:\/\/admjc38.org\/index.php\/poste\/professeur-e-de-piano\/"]}]},{"@type":"ImageObject","inLanguage":"fr-FR","@id":"https:\/\/admjc38.org\/index.php\/poste\/professeur-e-de-piano\/#primaryimage","url":"https:\/\/admjc38.org\/wp-content\/uploads\/2025\/06\/Logo-MJC-EC-couleurs-1920w-e1749719904401.png","contentUrl":"https:\/\/admjc38.org\/wp-content\/uploads\/2025\/06\/Logo-MJC-EC-couleurs-1920w-e1749719904401.png","width":500,"height":311},{"@type":"BreadcrumbList","@id":"https:\/\/admjc38.org\/index.php\/poste\/professeur-e-de-piano\/#breadcrumb","itemListElement":[{"@type":"ListItem","position":1,"name":"Accueil","item":"https:\/\/admjc38.org\/"},{"@type":"ListItem","position":2,"name":"Professeur.e de piano"}]},{"@type":"WebSite","@id":"https:\/\/admjc38.org\/#website","url":"https:\/\/admjc38.org\/","name":"AD MJC 38","description":"Le site des Maisons des Jeunes et de la Culture de l\u2019Is\u00e8re\u00a0","publisher":{"@id":"https:\/\/admjc38.org\/#organization"},"potentialAction":[{"@type":"SearchAction","target":{"@type":"EntryPoint","urlTemplate":"https:\/\/admjc38.org\/?s={search_term_string}"},"query-input":{"@type":"PropertyValueSpecification","valueRequired":true,"valueName":"search_term_string"}}],"inLanguage":"fr-FR"},{"@type":"Organization","@id":"https:\/\/admjc38.org\/#organization","name":"Association D\u00e9partementale des Maisons des Jeunes et de la Culture de l'Is\u00e8re","url":"https:\/\/admjc38.org\/","logo":{"@type":"ImageObject","inLanguage":"fr-FR","@id":"https:\/\/admjc38.org\/#\/schema\/logo\/image\/","url":"https:\/\/admjc38.org\/wp-content\/uploads\/2024\/01\/Logo-AD-MJC-38.png","contentUrl":"https:\/\/admjc38.org\/wp-content\/uploads\/2024\/01\/Logo-AD-MJC-38.png","width":441,"height":701,"caption":"Association D\u00e9partementale des Maisons des Jeunes et de la Culture de l'Is\u00e8re"},"image":{"@id":"https:\/\/admjc38.org\/#\/schema\/logo\/image\/"}}]}},"_links":{"self":[{"href":"https:\/\/admjc38.org\/index.php\/wp-json\/wp\/v2\/job-listings\/473","targetHints":{"allow":["GET"]}}],"collection":[{"href":"https:\/\/admjc38.org\/index.php\/wp-json\/wp\/v2\/job-listings"}],"about":[{"href":"https:\/\/admjc38.org\/index.php\/wp-json\/wp\/v2\/types\/job_listing"}],"author":[{"embeddable":true,"href":"https:\/\/admjc38.org\/index.php\/wp-json\/wp\/v2\/users\/3"}],"wp:featuredmedia":[{"embeddable":true,"href":"https:\/\/admjc38.org\/index.php\/wp-json\/wp\/v2\/media\/474"}],"wp:attachment":[{"href":"https:\/\/admjc38.org\/index.php\/wp-json\/wp\/v2\/media?parent=473"}],"wp:term":[{"taxonomy":"job_listing_type","embeddable":true,"href":"https:\/\/admjc38.org\/index.php\/wp-json\/wp\/v2\/job-types?post=473"}],"curies":[{"name":"wp","href":"https:\/\/api.w.org\/{rel}","templated":true}]}}

<p>&nbsp;</p>
<p>Pour la rentrée prochaine, la MJC des Eaux Claires est à la recherche d’un ou d’une super pianiste pour donner des cours aux petits et grands de la MJC des Eaux Claires.<br />
Créneaux individuels de 20 minutes les mardis 16h30-20h et mercredi de 13h30 à 19h.</p>
<p>Pour toutes les informations complémentaires, n’hésitez pas à contacter Célia CLERC : 04.76.49.15.01 – <a href="mailto:contact@mjceauxclaires.fr">contact@mjceauxclaires.fr</a></p>
<p>&nbsp;</p>

<!-- This site is optimized with the Yoast SEO plugin v24.8 - https://yoast.com/wordpress/plugins/seo/ -->
<title>Professeur.e de piano - AD MJC 38</title>
<meta name="robots" content="index, follow, max-snippet:-1, max-image-preview:large, max-video-preview:-1" />
<link rel="canonical" href="https://admjc38.org/index.php/poste/professeur-e-de-piano/" />
<meta property="og:locale" content="fr_FR" />
<meta property="og:type" content="article" />
<meta property="og:title" content="Professeur.e de piano - AD MJC 38" />
<meta property="og:description" content="&nbsp; Pour la rentrée prochaine, la MJC des Eaux Claires est à la recherche d’un ou d’une super pianiste pour donner des [&hellip;]" />
<meta property="og:url" content="https://admjc38.org/index.php/poste/professeur-e-de-piano/" />
<meta property="og:site_name" content="AD MJC 38" />
<meta property="article:modified_time" content="2026-01-09T14:00:45+00:00" />
<meta property="og:image" content="http://admjc38.org/wp-content/uploads/2025/06/Logo-MJC-EC-couleurs-1920w-e1749719904401.png" />
	<meta property="og:image:width" content="500" />
	<meta property="og:image:height" content="311" />
	<meta property="og:image:type" content="image/png" />
<meta name="twitter:card" content="summary_large_image" />
<meta name="twitter:label1" content="Durée de lecture estimée" />
	<meta name="twitter:data1" content="1 minute" />
<script type="application/ld+json" class="yoast-schema-graph">{"@context":"https://schema.org","@graph":[{"@type":"WebPage","@id":"https://admjc38.org/index.php/poste/professeur-e-de-piano/","url":"https://admjc38.org/index.php/poste/professeur-e-de-piano/","name":"Professeur.e de piano - AD MJC 38","isPartOf":{"@id":"https://admjc38.org/#website"},"primaryImageOfPage":{"@id":"https://admjc38.org/index.php/poste/professeur-e-de-piano/#primaryimage"},"image":{"@id":"https://admjc38.org/index.php/poste/professeur-e-de-piano/#primaryimage"},"thumbnailUrl":"https://admjc38.org/wp-content/uploads/2025/06/Logo-MJC-EC-couleurs-1920w-e1749719904401.png","datePublished":"2025-06-12T09:11:31+00:00","dateModified":"2026-01-09T14:00:45+00:00","breadcrumb":{"@id":"https://admjc38.org/index.php/poste/professeur-e-de-piano/#breadcrumb"},"inLanguage":"fr-FR","potentialAction":[{"@type":"ReadAction","target":["https://admjc38.org/index.php/poste/professeur-e-de-piano/"]}]},{"@type":"ImageObject","inLanguage":"fr-FR","@id":"https://admjc38.org/index.php/poste/professeur-e-de-piano/#primaryimage","url":"https://admjc38.org/wp-content/uploads/2025/06/Logo-MJC-EC-couleurs-1920w-e1749719904401.png","contentUrl":"https://admjc38.org/wp-content/uploads/2025/06/Logo-MJC-EC-couleurs-1920w-e1749719904401.png","width":500,"height":311},{"@type":"BreadcrumbList","@id":"https://admjc38.org/index.php/poste/professeur-e-de-piano/#breadcrumb","itemListElement":[{"@type":"ListItem","position":1,"name":"Accueil","item":"https://admjc38.org/"},{"@type":"ListItem","position":2,"name":"Professeur.e de piano"}]},{"@type":"WebSite","@id":"https://admjc38.org/#website","url":"https://admjc38.org/","name":"AD MJC 38","description":"Le site des Maisons des Jeunes et de la Culture de l’Isère ","publisher":{"@id":"https://admjc38.org/#organization"},"potentialAction":[{"@type":"SearchAction","target":{"@type":"EntryPoint","urlTemplate":"https://admjc38.org/?s={search_term_string}"},"query-input":{"@type":"PropertyValueSpecification","valueRequired":true,"valueName":"search_term_string"}}],"inLanguage":"fr-FR"},{"@type":"Organization","@id":"https://admjc38.org/#organization","name":"Association Départementale des Maisons des Jeunes et de la Culture de l'Isère","url":"https://admjc38.org/","logo":{"@type":"ImageObject","inLanguage":"fr-FR","@id":"https://admjc38.org/#/schema/logo/image/","url":"https://admjc38.org/wp-content/uploads/2024/01/Logo-AD-MJC-38.png","contentUrl":"https://admjc38.org/wp-content/uploads/2024/01/Logo-AD-MJC-38.png","width":441,"height":701,"caption":"Association Départementale des Maisons des Jeunes et de la Culture de l'Isère"},"image":{"@id":"https://admjc38.org/#/schema/logo/image/"}}]}</script>
<!-- / Yoast SEO plugin. -->

&nbsp; Pour la rentrée prochaine, la MJC des Eaux Claires est à la recherche d’un ou d’une super pianiste pour donner des [&hellip;]

Le site des Maisons des Jeunes et de la Culture de l’Isère

Association Départementale des Maisons des Jeunes et de la Culture de l'Isère
