{"id":496,"date":"2025-07-08T10:52:13","date_gmt":"2025-07-08T08:52:13","guid":{"rendered":"https:\/\/admjc38.org\/?post_type=job_listing&#038;p=496"},"modified":"2025-09-11T09:45:44","modified_gmt":"2025-09-11T07:45:44","slug":"animateur-accompagnement-a-la-scolarite","status":"publish","type":"job_listing","link":"https:\/\/admjc38.org\/index.php\/poste\/animateur-accompagnement-a-la-scolarite\/","title":{"rendered":"Animateur.rice \u00ab\u00a0accompagnement \u00e0 la scolarit\u00e9\u00a0\u00bb"},"content":{"rendered":"<p>La MJC de VOIRON recrute <strong>un animateur r\u00e9f\u00e9rent H\/F pour son secteur \u00ab accompagnement \u00e0 la scolarit\u00e9 \u00bb <\/strong>pour animer, en face \u00e0 face p\u00e9dagogique, des ateliers pour enfants (primaire) et des jeunes (coll\u00e8ge &amp; lyc\u00e9e) du <strong>CP \u00e0 la classe Terminale.<\/strong><\/p>\n<p>&nbsp;<\/p>\n<p>Trois groupes de 8 \u00e0 12 enfants ou jeunes, \u00e0 raison de 2 fois 1h30 par groupe et par semaine<\/p>\n<p>&nbsp;<\/p>\n<p><u>Dipl\u00f4me souhait\u00e9<\/u> :\u00a0BPJEPS \u00ab\u00a0Loisirs tous publics\u00a0\u00bb<\/p>\n<p>&nbsp;<\/p>\n<p><u>Conditions du poste<\/u>\u00a0:<\/p>\n<p>Convention Collective ECLAT<\/p>\n<p>en CDII (contrat \u00e0 dur\u00e9e ind\u00e9termin\u00e9e intermittent)<\/p>\n<p>A pourvoir \u00e0 la rentr\u00e9e scolaire<\/p>\n<p>&nbsp;<\/p>\n<p><strong>Temps partiel environ 665h\/an<\/strong> (environ 18h sur 37 semaines travaill\u00e9es)<\/p>\n<p>Horaires en semaines de face \u00e0 face public\u00a0: Lundi 13h45 \u00e0 18h, mardi 14h \u00e0 19h45, mercredi 10h \u00e0 12h, jeudi 13h45 \u00e0 19h45 + quelques samedis (formations, inscriptions, sorties de fin d\u2019ann\u00e9e)<\/p>\n<p>Horaires en semaines administratives\u00a0: \u00e0 d\u00e9finir<\/p>\n<p>Salaire selon la convention collective ECLAT (groupe C coefficient 285 + 10 points de coordination)<\/p>\n<p>Salaire\u00a0mensualis\u00e9 d\u2019environ 826.12 \u20ac brut\/mois<\/p>\n<p>Prime annuelle d\u2019intermittence (vers\u00e9e en ao\u00fbt) d\u2019environ 171.58 \u20ac brut<\/p>\n<p>Reconstitution de carri\u00e8re \u00e0 l\u2019embauche possible<\/p>\n<p>&nbsp;<\/p>\n<p><u>Pour postuler<\/u>\u00a0:<\/p>\n<p>Envoyer CV + lettre de motivation \u00e0 l\u2019attention de\u00a0:<\/p>\n<p>Madame la Pr\u00e9sidente MJC de VOIRON 93 avenue Jean Jaur\u00e8s 38500 VOIRON<\/p>\n<p>Ou par mail \u00e0 <a href=\"mailto:direction@mjc-voiron.org\">direction@mjc-voiron.org<\/a><\/p>\n","protected":false},"author":3,"featured_media":463,"template":"","meta":{"_promoted":"","_job_location":"Voiron","_application":"direction@mjc-voiron.org","_company_name":"MJC de Voiron","_company_website":"https:\/\/www.mjcvoiron.org\/","_company_tagline":"","_company_twitter":"","_company_video":"","_filled":1,"_featured":1,"_remote_position":0,"_job_salary":"","_job_salary_currency":"","_job_salary_unit":""},"job-types":[13],"class_list":{"0":"post-496","1":"job_listing","2":"type-job_listing","3":"status-publish","4":"has-post-thumbnail","5":"hentry","7":"job-type-temps-partiel","8":"job_position_filled","9":"job_position_featured"},"yoast_head":"<!-- This site is optimized with the Yoast SEO plugin v24.8 - https:\/\/yoast.com\/wordpress\/plugins\/seo\/ -->\n<title>Animateur.rice &quot;accompagnement \u00e0 la scolarit\u00e9&quot; - AD MJC 38<\/title>\n<meta name=\"robots\" content=\"index, follow, max-snippet:-1, max-image-preview:large, max-video-preview:-1\" \/>\n<link rel=\"canonical\" href=\"https:\/\/admjc38.org\/index.php\/poste\/animateur-accompagnement-a-la-scolarite\/\" \/>\n<meta property=\"og:locale\" content=\"fr_FR\" \/>\n<meta property=\"og:type\" content=\"article\" \/>\n<meta property=\"og:title\" content=\"Animateur.rice &quot;accompagnement \u00e0 la scolarit\u00e9&quot; - AD MJC 38\" \/>\n<meta property=\"og:description\" content=\"La MJC de VOIRON recrute un animateur r\u00e9f\u00e9rent H\/F pour son secteur \u00ab accompagnement \u00e0 la scolarit\u00e9 \u00bb pour animer, en face [&hellip;]\" \/>\n<meta property=\"og:url\" content=\"https:\/\/admjc38.org\/index.php\/poste\/animateur-accompagnement-a-la-scolarite\/\" \/>\n<meta property=\"og:site_name\" content=\"AD MJC 38\" \/>\n<meta property=\"article:modified_time\" content=\"2025-09-11T07:45:44+00:00\" \/>\n<meta property=\"og:image\" content=\"http:\/\/admjc38.org\/wp-content\/uploads\/2025\/05\/mjc-voiron.png\" \/>\n\t<meta property=\"og:image:width\" content=\"225\" \/>\n\t<meta property=\"og:image:height\" content=\"225\" \/>\n\t<meta property=\"og:image:type\" content=\"image\/png\" \/>\n<meta name=\"twitter:card\" content=\"summary_large_image\" \/>\n<meta name=\"twitter:label1\" content=\"Dur\u00e9e de lecture estim\u00e9e\" \/>\n\t<meta name=\"twitter:data1\" content=\"1 minute\" \/>\n<script type=\"application\/ld+json\" class=\"yoast-schema-graph\">{\"@context\":\"https:\/\/schema.org\",\"@graph\":[{\"@type\":\"WebPage\",\"@id\":\"https:\/\/admjc38.org\/index.php\/poste\/animateur-accompagnement-a-la-scolarite\/\",\"url\":\"https:\/\/admjc38.org\/index.php\/poste\/animateur-accompagnement-a-la-scolarite\/\",\"name\":\"Animateur.rice \\\"accompagnement \u00e0 la scolarit\u00e9\\\" - AD MJC 38\",\"isPartOf\":{\"@id\":\"https:\/\/admjc38.org\/#website\"},\"primaryImageOfPage\":{\"@id\":\"https:\/\/admjc38.org\/index.php\/poste\/animateur-accompagnement-a-la-scolarite\/#primaryimage\"},\"image\":{\"@id\":\"https:\/\/admjc38.org\/index.php\/poste\/animateur-accompagnement-a-la-scolarite\/#primaryimage\"},\"thumbnailUrl\":\"https:\/\/admjc38.org\/wp-content\/uploads\/2025\/05\/mjc-voiron.png\",\"datePublished\":\"2025-07-08T08:52:13+00:00\",\"dateModified\":\"2025-09-11T07:45:44+00:00\",\"breadcrumb\":{\"@id\":\"https:\/\/admjc38.org\/index.php\/poste\/animateur-accompagnement-a-la-scolarite\/#breadcrumb\"},\"inLanguage\":\"fr-FR\",\"potentialAction\":[{\"@type\":\"ReadAction\",\"target\":[\"https:\/\/admjc38.org\/index.php\/poste\/animateur-accompagnement-a-la-scolarite\/\"]}]},{\"@type\":\"ImageObject\",\"inLanguage\":\"fr-FR\",\"@id\":\"https:\/\/admjc38.org\/index.php\/poste\/animateur-accompagnement-a-la-scolarite\/#primaryimage\",\"url\":\"https:\/\/admjc38.org\/wp-content\/uploads\/2025\/05\/mjc-voiron.png\",\"contentUrl\":\"https:\/\/admjc38.org\/wp-content\/uploads\/2025\/05\/mjc-voiron.png\",\"width\":225,\"height\":225},{\"@type\":\"BreadcrumbList\",\"@id\":\"https:\/\/admjc38.org\/index.php\/poste\/animateur-accompagnement-a-la-scolarite\/#breadcrumb\",\"itemListElement\":[{\"@type\":\"ListItem\",\"position\":1,\"name\":\"Accueil\",\"item\":\"https:\/\/admjc38.org\/\"},{\"@type\":\"ListItem\",\"position\":2,\"name\":\"Animateur.rice \u00ab\u00a0accompagnement \u00e0 la scolarit\u00e9\u00a0\u00bb\"}]},{\"@type\":\"WebSite\",\"@id\":\"https:\/\/admjc38.org\/#website\",\"url\":\"https:\/\/admjc38.org\/\",\"name\":\"AD MJC 38\",\"description\":\"Le site des Maisons des Jeunes et de la Culture de l\u2019Is\u00e8re\u00a0\",\"publisher\":{\"@id\":\"https:\/\/admjc38.org\/#organization\"},\"potentialAction\":[{\"@type\":\"SearchAction\",\"target\":{\"@type\":\"EntryPoint\",\"urlTemplate\":\"https:\/\/admjc38.org\/?s={search_term_string}\"},\"query-input\":{\"@type\":\"PropertyValueSpecification\",\"valueRequired\":true,\"valueName\":\"search_term_string\"}}],\"inLanguage\":\"fr-FR\"},{\"@type\":\"Organization\",\"@id\":\"https:\/\/admjc38.org\/#organization\",\"name\":\"Association D\u00e9partementale des Maisons des Jeunes et de la Culture de l'Is\u00e8re\",\"url\":\"https:\/\/admjc38.org\/\",\"logo\":{\"@type\":\"ImageObject\",\"inLanguage\":\"fr-FR\",\"@id\":\"https:\/\/admjc38.org\/#\/schema\/logo\/image\/\",\"url\":\"https:\/\/admjc38.org\/wp-content\/uploads\/2024\/01\/Logo-AD-MJC-38.png\",\"contentUrl\":\"https:\/\/admjc38.org\/wp-content\/uploads\/2024\/01\/Logo-AD-MJC-38.png\",\"width\":441,\"height\":701,\"caption\":\"Association D\u00e9partementale des Maisons des Jeunes et de la Culture de l'Is\u00e8re\"},\"image\":{\"@id\":\"https:\/\/admjc38.org\/#\/schema\/logo\/image\/\"}}]}<\/script>\n<!-- \/ Yoast SEO plugin. -->","yoast_head_json":{"title":"Animateur.rice \"accompagnement \u00e0 la scolarit\u00e9\" - AD MJC 38","robots":{"index":"index","follow":"follow","max-snippet":"max-snippet:-1","max-image-preview":"max-image-preview:large","max-video-preview":"max-video-preview:-1"},"canonical":"https:\/\/admjc38.org\/index.php\/poste\/animateur-accompagnement-a-la-scolarite\/","og_locale":"fr_FR","og_type":"article","og_title":"Animateur.rice \"accompagnement \u00e0 la scolarit\u00e9\" - AD MJC 38","og_description":"La MJC de VOIRON recrute un animateur r\u00e9f\u00e9rent H\/F pour son secteur \u00ab accompagnement \u00e0 la scolarit\u00e9 \u00bb pour animer, en face [&hellip;]","og_url":"https:\/\/admjc38.org\/index.php\/poste\/animateur-accompagnement-a-la-scolarite\/","og_site_name":"AD MJC 38","article_modified_time":"2025-09-11T07:45:44+00:00","og_image":[{"width":225,"height":225,"url":"http:\/\/admjc38.org\/wp-content\/uploads\/2025\/05\/mjc-voiron.png","type":"image\/png"}],"twitter_card":"summary_large_image","twitter_misc":{"Dur\u00e9e de lecture estim\u00e9e":"1 minute"},"schema":{"@context":"https:\/\/schema.org","@graph":[{"@type":"WebPage","@id":"https:\/\/admjc38.org\/index.php\/poste\/animateur-accompagnement-a-la-scolarite\/","url":"https:\/\/admjc38.org\/index.php\/poste\/animateur-accompagnement-a-la-scolarite\/","name":"Animateur.rice \"accompagnement \u00e0 la scolarit\u00e9\" - AD MJC 38","isPartOf":{"@id":"https:\/\/admjc38.org\/#website"},"primaryImageOfPage":{"@id":"https:\/\/admjc38.org\/index.php\/poste\/animateur-accompagnement-a-la-scolarite\/#primaryimage"},"image":{"@id":"https:\/\/admjc38.org\/index.php\/poste\/animateur-accompagnement-a-la-scolarite\/#primaryimage"},"thumbnailUrl":"https:\/\/admjc38.org\/wp-content\/uploads\/2025\/05\/mjc-voiron.png","datePublished":"2025-07-08T08:52:13+00:00","dateModified":"2025-09-11T07:45:44+00:00","breadcrumb":{"@id":"https:\/\/admjc38.org\/index.php\/poste\/animateur-accompagnement-a-la-scolarite\/#breadcrumb"},"inLanguage":"fr-FR","potentialAction":[{"@type":"ReadAction","target":["https:\/\/admjc38.org\/index.php\/poste\/animateur-accompagnement-a-la-scolarite\/"]}]},{"@type":"ImageObject","inLanguage":"fr-FR","@id":"https:\/\/admjc38.org\/index.php\/poste\/animateur-accompagnement-a-la-scolarite\/#primaryimage","url":"https:\/\/admjc38.org\/wp-content\/uploads\/2025\/05\/mjc-voiron.png","contentUrl":"https:\/\/admjc38.org\/wp-content\/uploads\/2025\/05\/mjc-voiron.png","width":225,"height":225},{"@type":"BreadcrumbList","@id":"https:\/\/admjc38.org\/index.php\/poste\/animateur-accompagnement-a-la-scolarite\/#breadcrumb","itemListElement":[{"@type":"ListItem","position":1,"name":"Accueil","item":"https:\/\/admjc38.org\/"},{"@type":"ListItem","position":2,"name":"Animateur.rice \u00ab\u00a0accompagnement \u00e0 la scolarit\u00e9\u00a0\u00bb"}]},{"@type":"WebSite","@id":"https:\/\/admjc38.org\/#website","url":"https:\/\/admjc38.org\/","name":"AD MJC 38","description":"Le site des Maisons des Jeunes et de la Culture de l\u2019Is\u00e8re\u00a0","publisher":{"@id":"https:\/\/admjc38.org\/#organization"},"potentialAction":[{"@type":"SearchAction","target":{"@type":"EntryPoint","urlTemplate":"https:\/\/admjc38.org\/?s={search_term_string}"},"query-input":{"@type":"PropertyValueSpecification","valueRequired":true,"valueName":"search_term_string"}}],"inLanguage":"fr-FR"},{"@type":"Organization","@id":"https:\/\/admjc38.org\/#organization","name":"Association D\u00e9partementale des Maisons des Jeunes et de la Culture de l'Is\u00e8re","url":"https:\/\/admjc38.org\/","logo":{"@type":"ImageObject","inLanguage":"fr-FR","@id":"https:\/\/admjc38.org\/#\/schema\/logo\/image\/","url":"https:\/\/admjc38.org\/wp-content\/uploads\/2024\/01\/Logo-AD-MJC-38.png","contentUrl":"https:\/\/admjc38.org\/wp-content\/uploads\/2024\/01\/Logo-AD-MJC-38.png","width":441,"height":701,"caption":"Association D\u00e9partementale des Maisons des Jeunes et de la Culture de l'Is\u00e8re"},"image":{"@id":"https:\/\/admjc38.org\/#\/schema\/logo\/image\/"}}]}},"_links":{"self":[{"href":"https:\/\/admjc38.org\/index.php\/wp-json\/wp\/v2\/job-listings\/496","targetHints":{"allow":["GET"]}}],"collection":[{"href":"https:\/\/admjc38.org\/index.php\/wp-json\/wp\/v2\/job-listings"}],"about":[{"href":"https:\/\/admjc38.org\/index.php\/wp-json\/wp\/v2\/types\/job_listing"}],"author":[{"embeddable":true,"href":"https:\/\/admjc38.org\/index.php\/wp-json\/wp\/v2\/users\/3"}],"wp:featuredmedia":[{"embeddable":true,"href":"https:\/\/admjc38.org\/index.php\/wp-json\/wp\/v2\/media\/463"}],"wp:attachment":[{"href":"https:\/\/admjc38.org\/index.php\/wp-json\/wp\/v2\/media?parent=496"}],"wp:term":[{"taxonomy":"job_listing_type","embeddable":true,"href":"https:\/\/admjc38.org\/index.php\/wp-json\/wp\/v2\/job-types?post=496"}],"curies":[{"name":"wp","href":"https:\/\/api.w.org\/{rel}","templated":true}]}}

Animateur.rice « accompagnement à la scolarité »

<p>La MJC de VOIRON recrute <strong>un animateur référent H/F pour son secteur « accompagnement à la scolarité » </strong>pour animer, en face à face pédagogique, des ateliers pour enfants (primaire) et des jeunes (collège &amp; lycée) du <strong>CP à la classe Terminale.</strong></p>
<p>&nbsp;</p>
<p>Trois groupes de 8 à 12 enfants ou jeunes, à raison de 2 fois 1h30 par groupe et par semaine</p>
<p>&nbsp;</p>
<p><u>Diplôme souhaité</u> : BPJEPS « Loisirs tous publics »</p>
<p>&nbsp;</p>
<p><u>Conditions du poste</u> :</p>
<p>Convention Collective ECLAT</p>
<p>en CDII (contrat à durée indéterminée intermittent)</p>
<p>A pourvoir à la rentrée scolaire</p>
<p>&nbsp;</p>
<p><strong>Temps partiel environ 665h/an</strong> (environ 18h sur 37 semaines travaillées)</p>
<p>Horaires en semaines de face à face public : Lundi 13h45 à 18h, mardi 14h à 19h45, mercredi 10h à 12h, jeudi 13h45 à 19h45 + quelques samedis (formations, inscriptions, sorties de fin d’année)</p>
<p>Horaires en semaines administratives : à définir</p>
<p>Salaire selon la convention collective ECLAT (groupe C coefficient 285 + 10 points de coordination)</p>
<p>Salaire mensualisé d’environ 826.12 € brut/mois</p>
<p>Prime annuelle d’intermittence (versée en août) d’environ 171.58 € brut</p>
<p>Reconstitution de carrière à l’embauche possible</p>
<p>&nbsp;</p>
<p><u>Pour postuler</u> :</p>
<p>Envoyer CV + lettre de motivation à l’attention de :</p>
<p>Madame la Présidente MJC de VOIRON 93 avenue Jean Jaurès 38500 VOIRON</p>
<p>Ou par mail à <a href="mailto:direction@mjc-voiron.org">direction@mjc-voiron.org</a></p>

<!-- This site is optimized with the Yoast SEO plugin v24.8 - https://yoast.com/wordpress/plugins/seo/ -->
<title>Animateur.rice &quot;accompagnement à la scolarité&quot; - AD MJC 38</title>
<meta name="robots" content="index, follow, max-snippet:-1, max-image-preview:large, max-video-preview:-1" />
<link rel="canonical" href="https://admjc38.org/index.php/poste/animateur-accompagnement-a-la-scolarite/" />
<meta property="og:locale" content="fr_FR" />
<meta property="og:type" content="article" />
<meta property="og:title" content="Animateur.rice &quot;accompagnement à la scolarité&quot; - AD MJC 38" />
<meta property="og:description" content="La MJC de VOIRON recrute un animateur référent H/F pour son secteur « accompagnement à la scolarité » pour animer, en face [&hellip;]" />
<meta property="og:url" content="https://admjc38.org/index.php/poste/animateur-accompagnement-a-la-scolarite/" />
<meta property="og:site_name" content="AD MJC 38" />
<meta property="article:modified_time" content="2025-09-11T07:45:44+00:00" />
<meta property="og:image" content="http://admjc38.org/wp-content/uploads/2025/05/mjc-voiron.png" />
	<meta property="og:image:width" content="225" />
	<meta property="og:image:height" content="225" />
	<meta property="og:image:type" content="image/png" />
<meta name="twitter:card" content="summary_large_image" />
<meta name="twitter:label1" content="Durée de lecture estimée" />
	<meta name="twitter:data1" content="1 minute" />
<script type="application/ld+json" class="yoast-schema-graph">{"@context":"https://schema.org","@graph":[{"@type":"WebPage","@id":"https://admjc38.org/index.php/poste/animateur-accompagnement-a-la-scolarite/","url":"https://admjc38.org/index.php/poste/animateur-accompagnement-a-la-scolarite/","name":"Animateur.rice \"accompagnement à la scolarité\" - AD MJC 38","isPartOf":{"@id":"https://admjc38.org/#website"},"primaryImageOfPage":{"@id":"https://admjc38.org/index.php/poste/animateur-accompagnement-a-la-scolarite/#primaryimage"},"image":{"@id":"https://admjc38.org/index.php/poste/animateur-accompagnement-a-la-scolarite/#primaryimage"},"thumbnailUrl":"https://admjc38.org/wp-content/uploads/2025/05/mjc-voiron.png","datePublished":"2025-07-08T08:52:13+00:00","dateModified":"2025-09-11T07:45:44+00:00","breadcrumb":{"@id":"https://admjc38.org/index.php/poste/animateur-accompagnement-a-la-scolarite/#breadcrumb"},"inLanguage":"fr-FR","potentialAction":[{"@type":"ReadAction","target":["https://admjc38.org/index.php/poste/animateur-accompagnement-a-la-scolarite/"]}]},{"@type":"ImageObject","inLanguage":"fr-FR","@id":"https://admjc38.org/index.php/poste/animateur-accompagnement-a-la-scolarite/#primaryimage","url":"https://admjc38.org/wp-content/uploads/2025/05/mjc-voiron.png","contentUrl":"https://admjc38.org/wp-content/uploads/2025/05/mjc-voiron.png","width":225,"height":225},{"@type":"BreadcrumbList","@id":"https://admjc38.org/index.php/poste/animateur-accompagnement-a-la-scolarite/#breadcrumb","itemListElement":[{"@type":"ListItem","position":1,"name":"Accueil","item":"https://admjc38.org/"},{"@type":"ListItem","position":2,"name":"Animateur.rice « accompagnement à la scolarité »"}]},{"@type":"WebSite","@id":"https://admjc38.org/#website","url":"https://admjc38.org/","name":"AD MJC 38","description":"Le site des Maisons des Jeunes et de la Culture de l’Isère ","publisher":{"@id":"https://admjc38.org/#organization"},"potentialAction":[{"@type":"SearchAction","target":{"@type":"EntryPoint","urlTemplate":"https://admjc38.org/?s={search_term_string}"},"query-input":{"@type":"PropertyValueSpecification","valueRequired":true,"valueName":"search_term_string"}}],"inLanguage":"fr-FR"},{"@type":"Organization","@id":"https://admjc38.org/#organization","name":"Association Départementale des Maisons des Jeunes et de la Culture de l'Isère","url":"https://admjc38.org/","logo":{"@type":"ImageObject","inLanguage":"fr-FR","@id":"https://admjc38.org/#/schema/logo/image/","url":"https://admjc38.org/wp-content/uploads/2024/01/Logo-AD-MJC-38.png","contentUrl":"https://admjc38.org/wp-content/uploads/2024/01/Logo-AD-MJC-38.png","width":441,"height":701,"caption":"Association Départementale des Maisons des Jeunes et de la Culture de l'Isère"},"image":{"@id":"https://admjc38.org/#/schema/logo/image/"}}]}</script>
<!-- / Yoast SEO plugin. -->

Animateur.rice "accompagnement à la scolarité" - AD MJC 38

La MJC de VOIRON recrute un animateur référent H/F pour son secteur « accompagnement à la scolarité » pour animer, en face [&hellip;]

Le site des Maisons des Jeunes et de la Culture de l’Isère

Association Départementale des Maisons des Jeunes et de la Culture de l'Isère
