{"id":501,"date":"2025-07-14T11:47:50","date_gmt":"2025-07-14T09:47:50","guid":{"rendered":"https:\/\/admjc38.org\/?post_type=job_listing&#038;p=501"},"modified":"2025-09-11T09:43:53","modified_gmt":"2025-09-11T07:43:53","slug":"coordinateur-rice-des-activites-socioculturelles","status":"publish","type":"job_listing","link":"https:\/\/admjc38.org\/index.php\/poste\/coordinateur-rice-des-activites-socioculturelles\/","title":{"rendered":"Coordinateur.rice des activit\u00e9s socioculturelles"},"content":{"rendered":"<p>La MJC de VOIRON recrute <strong>un coordinateur H\/F pour son p\u00f4le \u00ab socioculturel \u00bb.<\/strong><\/p>\n<p><strong>Missions :<\/strong><br \/>\nVoir fiche de poste jointe :\u00a0<a href=\"https:\/\/1drv.ms\/b\/c\/191d64f2bc59515f\/EW1pxrP7nlpLqFOd5jcjVPgBxKv6-T7F8v_cxg4adhaQFw?e=kmVXW8\">https:\/\/1drv.ms\/b\/c\/191d64f2bc59515f\/EW1pxrP7nlpLqFOd5jcjVPgBxKv6-T7F8v_cxg4adhaQFw?e=kmVXW8<\/a><\/p>\n<p><strong>Dipl\u00f4me souhait\u00e9 : <\/strong>DEJEPS<\/p>\n<p><strong>Conditions du poste :<\/strong><br \/>\nConvention Collective ECLAT (IDCC 1518)<br \/>\nCDI Temps plein<br \/>\nGroupe D coefficient 305<br \/>\nTemps de travail annualis\u00e9 (modulation de type A) avec p\u00e9riode de forte activit\u00e9, p\u00e9riode d\u2019activit\u00e9<br \/>\nnulle et p\u00e9riode de faible activit\u00e9<br \/>\nSalaire d\u2019environ 2160 \u20ac brut\/mois<br \/>\nReconstitution de carri\u00e8re \u00e0 l\u2019embauche possible<\/p>\n<p><strong>Proc\u00e9dure :<\/strong><br \/>\nCandidature jusqu\u2019au 26\/07\/25<br \/>\nEntretiens d\u2019embauche entre le 28\/07 et le 01\/08\/25<br \/>\nPrise de poste \u00e0 partir du 01\/09\/25<\/p>\n<p><strong>Pour postuler :<\/strong><br \/>\nEnvoyer CV + lettre de motivation \u00e0 l\u2019attention de :<br \/>\nMadame la Pr\u00e9sidente MJC de VOIRON 93 avenue Jean Jaur\u00e8s 38500 VOIRON<br \/>\nOu par mail \u00e0 direction@mjc-voiron.org<\/p>\n","protected":false},"author":3,"featured_media":463,"template":"","meta":{"_promoted":"","_job_location":"Voiron","_application":"direction@mjc-voiron.org","_company_name":"MJC de Voiron","_company_website":"https:\/\/www.mjcvoiron.org\/","_company_tagline":"","_company_twitter":"","_company_video":"","_filled":1,"_featured":1,"_remote_position":0,"_job_salary":"","_job_salary_currency":"","_job_salary_unit":""},"job-types":[18],"class_list":{"0":"post-501","1":"job_listing","2":"type-job_listing","3":"status-publish","4":"has-post-thumbnail","5":"hentry","7":"job-type-cdi","8":"job_position_filled","9":"job_position_featured"},"yoast_head":"<!-- This site is optimized with the Yoast SEO plugin v24.8 - https:\/\/yoast.com\/wordpress\/plugins\/seo\/ -->\n<title>Coordinateur.rice des activit\u00e9s socioculturelles - AD MJC 38<\/title>\n<meta name=\"robots\" content=\"index, follow, max-snippet:-1, max-image-preview:large, max-video-preview:-1\" \/>\n<link rel=\"canonical\" href=\"https:\/\/admjc38.org\/index.php\/poste\/coordinateur-rice-des-activites-socioculturelles\/\" \/>\n<meta property=\"og:locale\" content=\"fr_FR\" \/>\n<meta property=\"og:type\" content=\"article\" \/>\n<meta property=\"og:title\" content=\"Coordinateur.rice des activit\u00e9s socioculturelles - AD MJC 38\" \/>\n<meta property=\"og:description\" content=\"La MJC de VOIRON recrute un coordinateur H\/F pour son p\u00f4le \u00ab socioculturel \u00bb. Missions : Voir fiche de poste jointe :\u00a0https:\/\/1drv.ms\/b\/c\/191d64f2bc59515f\/EW1pxrP7nlpLqFOd5jcjVPgBxKv6-T7F8v_cxg4adhaQFw?e=kmVXW8 [&hellip;]\" \/>\n<meta property=\"og:url\" content=\"https:\/\/admjc38.org\/index.php\/poste\/coordinateur-rice-des-activites-socioculturelles\/\" \/>\n<meta property=\"og:site_name\" content=\"AD MJC 38\" \/>\n<meta property=\"article:modified_time\" content=\"2025-09-11T07:43:53+00:00\" \/>\n<meta property=\"og:image\" content=\"http:\/\/admjc38.org\/wp-content\/uploads\/2025\/05\/mjc-voiron.png\" \/>\n\t<meta property=\"og:image:width\" content=\"225\" \/>\n\t<meta property=\"og:image:height\" content=\"225\" \/>\n\t<meta property=\"og:image:type\" content=\"image\/png\" \/>\n<meta name=\"twitter:card\" content=\"summary_large_image\" \/>\n<meta name=\"twitter:label1\" content=\"Dur\u00e9e de lecture estim\u00e9e\" \/>\n\t<meta name=\"twitter:data1\" content=\"1 minute\" \/>\n<script type=\"application\/ld+json\" class=\"yoast-schema-graph\">{\"@context\":\"https:\/\/schema.org\",\"@graph\":[{\"@type\":\"WebPage\",\"@id\":\"https:\/\/admjc38.org\/index.php\/poste\/coordinateur-rice-des-activites-socioculturelles\/\",\"url\":\"https:\/\/admjc38.org\/index.php\/poste\/coordinateur-rice-des-activites-socioculturelles\/\",\"name\":\"Coordinateur.rice des activit\u00e9s socioculturelles - AD MJC 38\",\"isPartOf\":{\"@id\":\"https:\/\/admjc38.org\/#website\"},\"primaryImageOfPage\":{\"@id\":\"https:\/\/admjc38.org\/index.php\/poste\/coordinateur-rice-des-activites-socioculturelles\/#primaryimage\"},\"image\":{\"@id\":\"https:\/\/admjc38.org\/index.php\/poste\/coordinateur-rice-des-activites-socioculturelles\/#primaryimage\"},\"thumbnailUrl\":\"https:\/\/admjc38.org\/wp-content\/uploads\/2025\/05\/mjc-voiron.png\",\"datePublished\":\"2025-07-14T09:47:50+00:00\",\"dateModified\":\"2025-09-11T07:43:53+00:00\",\"breadcrumb\":{\"@id\":\"https:\/\/admjc38.org\/index.php\/poste\/coordinateur-rice-des-activites-socioculturelles\/#breadcrumb\"},\"inLanguage\":\"fr-FR\",\"potentialAction\":[{\"@type\":\"ReadAction\",\"target\":[\"https:\/\/admjc38.org\/index.php\/poste\/coordinateur-rice-des-activites-socioculturelles\/\"]}]},{\"@type\":\"ImageObject\",\"inLanguage\":\"fr-FR\",\"@id\":\"https:\/\/admjc38.org\/index.php\/poste\/coordinateur-rice-des-activites-socioculturelles\/#primaryimage\",\"url\":\"https:\/\/admjc38.org\/wp-content\/uploads\/2025\/05\/mjc-voiron.png\",\"contentUrl\":\"https:\/\/admjc38.org\/wp-content\/uploads\/2025\/05\/mjc-voiron.png\",\"width\":225,\"height\":225},{\"@type\":\"BreadcrumbList\",\"@id\":\"https:\/\/admjc38.org\/index.php\/poste\/coordinateur-rice-des-activites-socioculturelles\/#breadcrumb\",\"itemListElement\":[{\"@type\":\"ListItem\",\"position\":1,\"name\":\"Accueil\",\"item\":\"https:\/\/admjc38.org\/\"},{\"@type\":\"ListItem\",\"position\":2,\"name\":\"Coordinateur.rice des activit\u00e9s socioculturelles\"}]},{\"@type\":\"WebSite\",\"@id\":\"https:\/\/admjc38.org\/#website\",\"url\":\"https:\/\/admjc38.org\/\",\"name\":\"AD MJC 38\",\"description\":\"Le site des Maisons des Jeunes et de la Culture de l\u2019Is\u00e8re\u00a0\",\"publisher\":{\"@id\":\"https:\/\/admjc38.org\/#organization\"},\"potentialAction\":[{\"@type\":\"SearchAction\",\"target\":{\"@type\":\"EntryPoint\",\"urlTemplate\":\"https:\/\/admjc38.org\/?s={search_term_string}\"},\"query-input\":{\"@type\":\"PropertyValueSpecification\",\"valueRequired\":true,\"valueName\":\"search_term_string\"}}],\"inLanguage\":\"fr-FR\"},{\"@type\":\"Organization\",\"@id\":\"https:\/\/admjc38.org\/#organization\",\"name\":\"Association D\u00e9partementale des Maisons des Jeunes et de la Culture de l'Is\u00e8re\",\"url\":\"https:\/\/admjc38.org\/\",\"logo\":{\"@type\":\"ImageObject\",\"inLanguage\":\"fr-FR\",\"@id\":\"https:\/\/admjc38.org\/#\/schema\/logo\/image\/\",\"url\":\"https:\/\/admjc38.org\/wp-content\/uploads\/2024\/01\/Logo-AD-MJC-38.png\",\"contentUrl\":\"https:\/\/admjc38.org\/wp-content\/uploads\/2024\/01\/Logo-AD-MJC-38.png\",\"width\":441,\"height\":701,\"caption\":\"Association D\u00e9partementale des Maisons des Jeunes et de la Culture de l'Is\u00e8re\"},\"image\":{\"@id\":\"https:\/\/admjc38.org\/#\/schema\/logo\/image\/\"}}]}<\/script>\n<!-- \/ Yoast SEO plugin. -->","yoast_head_json":{"title":"Coordinateur.rice des activit\u00e9s socioculturelles - AD MJC 38","robots":{"index":"index","follow":"follow","max-snippet":"max-snippet:-1","max-image-preview":"max-image-preview:large","max-video-preview":"max-video-preview:-1"},"canonical":"https:\/\/admjc38.org\/index.php\/poste\/coordinateur-rice-des-activites-socioculturelles\/","og_locale":"fr_FR","og_type":"article","og_title":"Coordinateur.rice des activit\u00e9s socioculturelles - AD MJC 38","og_description":"La MJC de VOIRON recrute un coordinateur H\/F pour son p\u00f4le \u00ab socioculturel \u00bb. Missions : Voir fiche de poste jointe :\u00a0https:\/\/1drv.ms\/b\/c\/191d64f2bc59515f\/EW1pxrP7nlpLqFOd5jcjVPgBxKv6-T7F8v_cxg4adhaQFw?e=kmVXW8 [&hellip;]","og_url":"https:\/\/admjc38.org\/index.php\/poste\/coordinateur-rice-des-activites-socioculturelles\/","og_site_name":"AD MJC 38","article_modified_time":"2025-09-11T07:43:53+00:00","og_image":[{"width":225,"height":225,"url":"http:\/\/admjc38.org\/wp-content\/uploads\/2025\/05\/mjc-voiron.png","type":"image\/png"}],"twitter_card":"summary_large_image","twitter_misc":{"Dur\u00e9e de lecture estim\u00e9e":"1 minute"},"schema":{"@context":"https:\/\/schema.org","@graph":[{"@type":"WebPage","@id":"https:\/\/admjc38.org\/index.php\/poste\/coordinateur-rice-des-activites-socioculturelles\/","url":"https:\/\/admjc38.org\/index.php\/poste\/coordinateur-rice-des-activites-socioculturelles\/","name":"Coordinateur.rice des activit\u00e9s socioculturelles - AD MJC 38","isPartOf":{"@id":"https:\/\/admjc38.org\/#website"},"primaryImageOfPage":{"@id":"https:\/\/admjc38.org\/index.php\/poste\/coordinateur-rice-des-activites-socioculturelles\/#primaryimage"},"image":{"@id":"https:\/\/admjc38.org\/index.php\/poste\/coordinateur-rice-des-activites-socioculturelles\/#primaryimage"},"thumbnailUrl":"https:\/\/admjc38.org\/wp-content\/uploads\/2025\/05\/mjc-voiron.png","datePublished":"2025-07-14T09:47:50+00:00","dateModified":"2025-09-11T07:43:53+00:00","breadcrumb":{"@id":"https:\/\/admjc38.org\/index.php\/poste\/coordinateur-rice-des-activites-socioculturelles\/#breadcrumb"},"inLanguage":"fr-FR","potentialAction":[{"@type":"ReadAction","target":["https:\/\/admjc38.org\/index.php\/poste\/coordinateur-rice-des-activites-socioculturelles\/"]}]},{"@type":"ImageObject","inLanguage":"fr-FR","@id":"https:\/\/admjc38.org\/index.php\/poste\/coordinateur-rice-des-activites-socioculturelles\/#primaryimage","url":"https:\/\/admjc38.org\/wp-content\/uploads\/2025\/05\/mjc-voiron.png","contentUrl":"https:\/\/admjc38.org\/wp-content\/uploads\/2025\/05\/mjc-voiron.png","width":225,"height":225},{"@type":"BreadcrumbList","@id":"https:\/\/admjc38.org\/index.php\/poste\/coordinateur-rice-des-activites-socioculturelles\/#breadcrumb","itemListElement":[{"@type":"ListItem","position":1,"name":"Accueil","item":"https:\/\/admjc38.org\/"},{"@type":"ListItem","position":2,"name":"Coordinateur.rice des activit\u00e9s socioculturelles"}]},{"@type":"WebSite","@id":"https:\/\/admjc38.org\/#website","url":"https:\/\/admjc38.org\/","name":"AD MJC 38","description":"Le site des Maisons des Jeunes et de la Culture de l\u2019Is\u00e8re\u00a0","publisher":{"@id":"https:\/\/admjc38.org\/#organization"},"potentialAction":[{"@type":"SearchAction","target":{"@type":"EntryPoint","urlTemplate":"https:\/\/admjc38.org\/?s={search_term_string}"},"query-input":{"@type":"PropertyValueSpecification","valueRequired":true,"valueName":"search_term_string"}}],"inLanguage":"fr-FR"},{"@type":"Organization","@id":"https:\/\/admjc38.org\/#organization","name":"Association D\u00e9partementale des Maisons des Jeunes et de la Culture de l'Is\u00e8re","url":"https:\/\/admjc38.org\/","logo":{"@type":"ImageObject","inLanguage":"fr-FR","@id":"https:\/\/admjc38.org\/#\/schema\/logo\/image\/","url":"https:\/\/admjc38.org\/wp-content\/uploads\/2024\/01\/Logo-AD-MJC-38.png","contentUrl":"https:\/\/admjc38.org\/wp-content\/uploads\/2024\/01\/Logo-AD-MJC-38.png","width":441,"height":701,"caption":"Association D\u00e9partementale des Maisons des Jeunes et de la Culture de l'Is\u00e8re"},"image":{"@id":"https:\/\/admjc38.org\/#\/schema\/logo\/image\/"}}]}},"_links":{"self":[{"href":"https:\/\/admjc38.org\/index.php\/wp-json\/wp\/v2\/job-listings\/501","targetHints":{"allow":["GET"]}}],"collection":[{"href":"https:\/\/admjc38.org\/index.php\/wp-json\/wp\/v2\/job-listings"}],"about":[{"href":"https:\/\/admjc38.org\/index.php\/wp-json\/wp\/v2\/types\/job_listing"}],"author":[{"embeddable":true,"href":"https:\/\/admjc38.org\/index.php\/wp-json\/wp\/v2\/users\/3"}],"wp:featuredmedia":[{"embeddable":true,"href":"https:\/\/admjc38.org\/index.php\/wp-json\/wp\/v2\/media\/463"}],"wp:attachment":[{"href":"https:\/\/admjc38.org\/index.php\/wp-json\/wp\/v2\/media?parent=501"}],"wp:term":[{"taxonomy":"job_listing_type","embeddable":true,"href":"https:\/\/admjc38.org\/index.php\/wp-json\/wp\/v2\/job-types?post=501"}],"curies":[{"name":"wp","href":"https:\/\/api.w.org\/{rel}","templated":true}]}}

Coordinateur.rice des activités socioculturelles

<p>La MJC de VOIRON recrute <strong>un coordinateur H/F pour son pôle « socioculturel ».</strong></p>
<p><strong>Missions :</strong><br />
Voir fiche de poste jointe : <a href="https://1drv.ms/b/c/191d64f2bc59515f/EW1pxrP7nlpLqFOd5jcjVPgBxKv6-T7F8v_cxg4adhaQFw?e=kmVXW8">https://1drv.ms/b/c/191d64f2bc59515f/EW1pxrP7nlpLqFOd5jcjVPgBxKv6-T7F8v_cxg4adhaQFw?e=kmVXW8</a></p>
<p><strong>Diplôme souhaité : </strong>DEJEPS</p>
<p><strong>Conditions du poste :</strong><br />
Convention Collective ECLAT (IDCC 1518)<br />
CDI Temps plein<br />
Groupe D coefficient 305<br />
Temps de travail annualisé (modulation de type A) avec période de forte activité, période d’activité<br />
nulle et période de faible activité<br />
Salaire d’environ 2160 € brut/mois<br />
Reconstitution de carrière à l’embauche possible</p>
<p><strong>Procédure :</strong><br />
Candidature jusqu’au 26/07/25<br />
Entretiens d’embauche entre le 28/07 et le 01/08/25<br />
Prise de poste à partir du 01/09/25</p>
<p><strong>Pour postuler :</strong><br />
Envoyer CV + lettre de motivation à l’attention de :<br />
Madame la Présidente MJC de VOIRON 93 avenue Jean Jaurès 38500 VOIRON<br />
Ou par mail à direction@mjc-voiron.org</p>

<!-- This site is optimized with the Yoast SEO plugin v24.8 - https://yoast.com/wordpress/plugins/seo/ -->
<title>Coordinateur.rice des activités socioculturelles - AD MJC 38</title>
<meta name="robots" content="index, follow, max-snippet:-1, max-image-preview:large, max-video-preview:-1" />
<link rel="canonical" href="https://admjc38.org/index.php/poste/coordinateur-rice-des-activites-socioculturelles/" />
<meta property="og:locale" content="fr_FR" />
<meta property="og:type" content="article" />
<meta property="og:title" content="Coordinateur.rice des activités socioculturelles - AD MJC 38" />
<meta property="og:description" content="La MJC de VOIRON recrute un coordinateur H/F pour son pôle « socioculturel ». Missions : Voir fiche de poste jointe : https://1drv.ms/b/c/191d64f2bc59515f/EW1pxrP7nlpLqFOd5jcjVPgBxKv6-T7F8v_cxg4adhaQFw?e=kmVXW8 [&hellip;]" />
<meta property="og:url" content="https://admjc38.org/index.php/poste/coordinateur-rice-des-activites-socioculturelles/" />
<meta property="og:site_name" content="AD MJC 38" />
<meta property="article:modified_time" content="2025-09-11T07:43:53+00:00" />
<meta property="og:image" content="http://admjc38.org/wp-content/uploads/2025/05/mjc-voiron.png" />
	<meta property="og:image:width" content="225" />
	<meta property="og:image:height" content="225" />
	<meta property="og:image:type" content="image/png" />
<meta name="twitter:card" content="summary_large_image" />
<meta name="twitter:label1" content="Durée de lecture estimée" />
	<meta name="twitter:data1" content="1 minute" />
<script type="application/ld+json" class="yoast-schema-graph">{"@context":"https://schema.org","@graph":[{"@type":"WebPage","@id":"https://admjc38.org/index.php/poste/coordinateur-rice-des-activites-socioculturelles/","url":"https://admjc38.org/index.php/poste/coordinateur-rice-des-activites-socioculturelles/","name":"Coordinateur.rice des activités socioculturelles - AD MJC 38","isPartOf":{"@id":"https://admjc38.org/#website"},"primaryImageOfPage":{"@id":"https://admjc38.org/index.php/poste/coordinateur-rice-des-activites-socioculturelles/#primaryimage"},"image":{"@id":"https://admjc38.org/index.php/poste/coordinateur-rice-des-activites-socioculturelles/#primaryimage"},"thumbnailUrl":"https://admjc38.org/wp-content/uploads/2025/05/mjc-voiron.png","datePublished":"2025-07-14T09:47:50+00:00","dateModified":"2025-09-11T07:43:53+00:00","breadcrumb":{"@id":"https://admjc38.org/index.php/poste/coordinateur-rice-des-activites-socioculturelles/#breadcrumb"},"inLanguage":"fr-FR","potentialAction":[{"@type":"ReadAction","target":["https://admjc38.org/index.php/poste/coordinateur-rice-des-activites-socioculturelles/"]}]},{"@type":"ImageObject","inLanguage":"fr-FR","@id":"https://admjc38.org/index.php/poste/coordinateur-rice-des-activites-socioculturelles/#primaryimage","url":"https://admjc38.org/wp-content/uploads/2025/05/mjc-voiron.png","contentUrl":"https://admjc38.org/wp-content/uploads/2025/05/mjc-voiron.png","width":225,"height":225},{"@type":"BreadcrumbList","@id":"https://admjc38.org/index.php/poste/coordinateur-rice-des-activites-socioculturelles/#breadcrumb","itemListElement":[{"@type":"ListItem","position":1,"name":"Accueil","item":"https://admjc38.org/"},{"@type":"ListItem","position":2,"name":"Coordinateur.rice des activités socioculturelles"}]},{"@type":"WebSite","@id":"https://admjc38.org/#website","url":"https://admjc38.org/","name":"AD MJC 38","description":"Le site des Maisons des Jeunes et de la Culture de l’Isère ","publisher":{"@id":"https://admjc38.org/#organization"},"potentialAction":[{"@type":"SearchAction","target":{"@type":"EntryPoint","urlTemplate":"https://admjc38.org/?s={search_term_string}"},"query-input":{"@type":"PropertyValueSpecification","valueRequired":true,"valueName":"search_term_string"}}],"inLanguage":"fr-FR"},{"@type":"Organization","@id":"https://admjc38.org/#organization","name":"Association Départementale des Maisons des Jeunes et de la Culture de l'Isère","url":"https://admjc38.org/","logo":{"@type":"ImageObject","inLanguage":"fr-FR","@id":"https://admjc38.org/#/schema/logo/image/","url":"https://admjc38.org/wp-content/uploads/2024/01/Logo-AD-MJC-38.png","contentUrl":"https://admjc38.org/wp-content/uploads/2024/01/Logo-AD-MJC-38.png","width":441,"height":701,"caption":"Association Départementale des Maisons des Jeunes et de la Culture de l'Isère"},"image":{"@id":"https://admjc38.org/#/schema/logo/image/"}}]}</script>
<!-- / Yoast SEO plugin. -->

Coordinateur.rice des activités socioculturelles - AD MJC 38

La MJC de VOIRON recrute un coordinateur H/F pour son pôle « socioculturel ». Missions : Voir fiche de poste jointe : https://1drv.ms/b/c/191d64f2bc59515f/EW1pxrP7nlpLqFOd5jcjVPgBxKv6-T7F8v_cxg4adhaQFw?e=kmVXW8 [&hellip;]

Le site des Maisons des Jeunes et de la Culture de l’Isère

Association Départementale des Maisons des Jeunes et de la Culture de l'Isère
