{"id":1028,"date":"2026-04-09T15:10:13","date_gmt":"2026-04-09T13:10:13","guid":{"rendered":"https:\/\/admjc38.org\/?page_id=1028"},"modified":"2026-04-09T15:29:28","modified_gmt":"2026-04-09T13:29:28","slug":"mjcabaret","status":"publish","type":"page","link":"https:\/\/admjc38.org\/index.php\/mjcabaret\/","title":{"rendered":"MJCabaret"},"content":{"rendered":"\t\t<div data-elementor-type=\"wp-page\" data-elementor-id=\"1028\" class=\"elementor elementor-1028\" data-elementor-post-type=\"page\">\n\t\t\t\t<div class=\"elementor-element elementor-element-737293b1 e-flex e-con-boxed e-con e-parent\" data-id=\"737293b1\" data-element_type=\"container\">\n\t\t\t\t\t<div class=\"e-con-inner\">\n\t\t\t\t<div class=\"elementor-element elementor-element-1ceb032f elementor-widget elementor-widget-text-editor\" data-id=\"1ceb032f\" data-element_type=\"widget\" data-widget_type=\"text-editor.default\">\n\t\t\t\t<div class=\"elementor-widget-container\">\n\t\t\t\t\t\t\t<!-- wp:image {\"id\":1029,\"sizeSlug\":\"large\",\"linkDestination\":\"none\"} -->\n<figure class=\"wp-block-image size-large\"><\/figure>\n<!-- \/wp:image -->\t\t\t\t\t\t<\/div>\n\t\t\t\t<\/div>\n\t\t\t\t\t<\/div>\n\t\t\t\t<\/div>\n\t\t<div class=\"elementor-element elementor-element-e225f79 e-flex e-con-boxed e-con e-parent\" data-id=\"e225f79\" data-element_type=\"container\">\n\t\t\t\t\t<div class=\"e-con-inner\">\n\t\t\t\t<div class=\"elementor-element elementor-element-93d708a elementor-widget elementor-widget-image\" data-id=\"93d708a\" data-element_type=\"widget\" data-widget_type=\"image.default\">\n\t\t\t\t<div class=\"elementor-widget-container\">\n\t\t\t\t\t\t\t\t\t\t\t\t\t<img fetchpriority=\"high\" decoding=\"async\" width=\"1024\" height=\"243\" src=\"https:\/\/admjc38.org\/wp-content\/uploads\/2026\/04\/Dossier-MJCabaret-publisher-recadre-1024x243.png\" class=\"attachment-large size-large wp-image-1037\" alt=\"\" srcset=\"https:\/\/admjc38.org\/wp-content\/uploads\/2026\/04\/Dossier-MJCabaret-publisher-recadre-1024x243.png 1024w, https:\/\/admjc38.org\/wp-content\/uploads\/2026\/04\/Dossier-MJCabaret-publisher-recadre-300x71.png 300w, https:\/\/admjc38.org\/wp-content\/uploads\/2026\/04\/Dossier-MJCabaret-publisher-recadre-768x182.png 768w, https:\/\/admjc38.org\/wp-content\/uploads\/2026\/04\/Dossier-MJCabaret-publisher-recadre-1536x365.png 1536w, https:\/\/admjc38.org\/wp-content\/uploads\/2026\/04\/Dossier-MJCabaret-publisher-recadre-2048x486.png 2048w, https:\/\/admjc38.org\/wp-content\/uploads\/2026\/04\/Dossier-MJCabaret-publisher-recadre-1000x237.png 1000w, https:\/\/admjc38.org\/wp-content\/uploads\/2026\/04\/Dossier-MJCabaret-publisher-recadre-230x55.png 230w, https:\/\/admjc38.org\/wp-content\/uploads\/2026\/04\/Dossier-MJCabaret-publisher-recadre-350x83.png 350w, https:\/\/admjc38.org\/wp-content\/uploads\/2026\/04\/Dossier-MJCabaret-publisher-recadre-480x114.png 480w\" sizes=\"(max-width: 1024px) 100vw, 1024px\" \/>\t\t\t\t\t\t\t\t\t\t\t\t\t<\/div>\n\t\t\t\t<\/div>\n\t\t\t\t\t<\/div>\n\t\t\t\t<\/div>\n\t\t<div class=\"elementor-element elementor-element-a1bb48b e-flex e-con-boxed e-con e-parent\" data-id=\"a1bb48b\" data-element_type=\"container\">\n\t\t\t\t\t<div class=\"e-con-inner\">\n\t\t\t\t<div class=\"elementor-element elementor-element-eadf8fd elementor-widget elementor-widget-heading\" data-id=\"eadf8fd\" data-element_type=\"widget\" data-widget_type=\"heading.default\">\n\t\t\t\t<div class=\"elementor-widget-container\">\n\t\t\t<h2 class=\"elementor-heading-title elementor-size-default\">Un \u00e9v\u00e8nement sur les pratiques artistiques amateurs dans les MJC et MPT de l'Is\u00e8re<\/h2>\t\t<\/div>\n\t\t\t\t<\/div>\n\t\t\t\t\t<\/div>\n\t\t\t\t<\/div>\n\t\t<div class=\"elementor-element elementor-element-ef786c4 e-flex e-con-boxed e-con e-parent\" data-id=\"ef786c4\" data-element_type=\"container\">\n\t\t\t\t\t<div class=\"e-con-inner\">\n\t\t\t\t<div class=\"elementor-element elementor-element-1276436 elementor-widget elementor-widget-text-editor\" data-id=\"1276436\" data-element_type=\"widget\" data-widget_type=\"text-editor.default\">\n\t\t\t\t<div class=\"elementor-widget-container\">\n\t\t\t\t\t\t\t<p><strong>\u00a0\u00bbMJCabaret\u00a0\u00bb est un \u00e9v\u00e8nement culturel de territoire qui a pour objectif de valoriser les activit\u00e9s de pratiques artistiques amateurs des MJC et MPT de l&rsquo;Is\u00e8re dans le cadre de leurs activit\u00e9s r\u00e9guli\u00e8res. <\/strong><\/p>\n<p><strong>L&rsquo;association d\u00e9partementale s&rsquo;inspire pour cela de la premi\u00e8re \u00e9dition de \u00ab MJCabaret\u00a0\u00bb en 2021 et du concept \u00a0\u00bbBazar\u00a0\u00bb d\u00e9velopp\u00e9 par la Conf\u00e9d\u00e9ration des MJC de France. L&rsquo;\u00e9v\u00e8nement permet d&rsquo;encourager une forme d&rsquo;exigence artistique et m\u00eale la convivialit\u00e9, la mixit\u00e9 sociale ainsi qu&rsquo;une dimension interg\u00e9n\u00e9rationnelle. Il est inspir\u00e9 de l&rsquo;esth\u00e9tique du Cabaret pour ses aspects festifs et populaires. <\/strong><\/p>\n<p><strong>L\u2019\u00e9dition 2026 aura lieu le 25 avril \u00e0 la salle des f\u00eates du Tullins de 14h \u00e0 17h30 et sera consacr\u00e9e uniquement \u00e0 la danse. <\/strong><\/p>\n<p><strong>\u00a0\u00bbMJCabaret\u00a0\u00bb repose sur trois axes communs avec l&rsquo;\u00c9ducation Artistique et Culturelle : pratiquer des arts de fa\u00e7on collective, assister \u00e0 des restitutions et des cr\u00e9ations et s&rsquo;exprimer sur sa pratique.<\/strong><\/p>\n<p><strong>L&rsquo;Association D\u00e9partementale des MJC et MPT de l&rsquo;Is\u00e8re souhaite faire de \u00a0\u00bbMJCabaret\u00a0\u00bb un <\/strong><strong>\u00e9v\u00e8nement f\u00e9d\u00e9rateur pour les maisons affili\u00e9es et un moment de partage entre les <\/strong><strong>adh\u00e9rents jeunes et adultes. Le projet se veut \u00e9galement structurant pour la dynamique <\/strong><strong>de r\u00e9seau qui est en train de se mettre en place sur le d\u00e9partement. Il s&rsquo;agit de mettre en lien les structures adh\u00e9rentes autour d&rsquo;un projet concret, qui permet la rencontre et qui donne de la visibilit\u00e9.<\/strong><\/p>\n<p><strong>Les pratiques artistiques amateurs constituent un axe fort de l&rsquo;AD MJC 38. Elle souhaite <\/strong><strong>accompagner les maisons adh\u00e9rentes dans le r\u00f4le qu&rsquo;elles jouent au niveau de l&rsquo;\u00c9ducation <\/strong><strong>Artistique et Culturelle. Elle met pour cela \u00e0 disposition son expertise dans le maintien, la <\/strong><strong>valorisation et le d\u00e9veloppement des actions culturelles men\u00e9es. \u00a0\u00bbMJCabaret\u00a0\u00bb est une <\/strong><strong>opportunit\u00e9 d&rsquo;exprimer que la culture fait partie de notre socle commun et que les pratiques artistiques amateurs sont un formidable levier d&rsquo;\u00e9mancipation.<\/strong><\/p>\t\t\t\t\t\t<\/div>\n\t\t\t\t<\/div>\n\t\t\t\t\t<\/div>\n\t\t\t\t<\/div>\n\t\t<div class=\"elementor-element elementor-element-d0056fa e-flex e-con-boxed e-con e-parent\" data-id=\"d0056fa\" data-element_type=\"container\">\n\t\t\t\t\t<div class=\"e-con-inner\">\n\t\t\t\t<div class=\"elementor-element elementor-element-3faed94 elementor-widget elementor-widget-gallery\" data-id=\"3faed94\" data-element_type=\"widget\" data-settings=\"{&quot;lazyload&quot;:&quot;yes&quot;,&quot;gallery_layout&quot;:&quot;grid&quot;,&quot;columns&quot;:4,&quot;columns_tablet&quot;:2,&quot;columns_mobile&quot;:1,&quot;gap&quot;:{&quot;unit&quot;:&quot;px&quot;,&quot;size&quot;:10,&quot;sizes&quot;:[]},&quot;gap_tablet&quot;:{&quot;unit&quot;:&quot;px&quot;,&quot;size&quot;:10,&quot;sizes&quot;:[]},&quot;gap_mobile&quot;:{&quot;unit&quot;:&quot;px&quot;,&quot;size&quot;:10,&quot;sizes&quot;:[]},&quot;link_to&quot;:&quot;file&quot;,&quot;aspect_ratio&quot;:&quot;3:2&quot;,&quot;overlay_background&quot;:&quot;yes&quot;,&quot;content_hover_animation&quot;:&quot;fade-in&quot;}\" data-widget_type=\"gallery.default\">\n\t\t\t\t<div class=\"elementor-widget-container\">\n\t\t\t\t\t<div class=\"elementor-gallery__container\">\n\t\t\t\t\t\t\t<a class=\"e-gallery-item elementor-gallery-item elementor-animated-content\" href=\"https:\/\/admjc38.org\/wp-content\/uploads\/2026\/04\/IMG_0585-scaled.jpg\" data-elementor-open-lightbox=\"yes\" data-elementor-lightbox-slideshow=\"3faed94\" data-elementor-lightbox-title=\"IMG_0585\" data-e-action-hash=\"#elementor-action%3Aaction%3Dlightbox%26settings%3DeyJpZCI6MTA0MiwidXJsIjoiaHR0cHM6XC9cL2FkbWpjMzgub3JnXC93cC1jb250ZW50XC91cGxvYWRzXC8yMDI2XC8wNFwvSU1HXzA1ODUtc2NhbGVkLmpwZyIsInNsaWRlc2hvdyI6IjNmYWVkOTQifQ%3D%3D\">\n\t\t\t\t\t<div class=\"e-gallery-image elementor-gallery-item__image\" data-thumbnail=\"https:\/\/admjc38.org\/wp-content\/uploads\/2026\/04\/IMG_0585-300x225.jpg\" data-width=\"300\" data-height=\"225\" aria-label=\"\" role=\"img\" ><\/div>\n\t\t\t\t\t\t\t\t\t\t\t<div class=\"elementor-gallery-item__overlay\"><\/div>\n\t\t\t\t\t\t\t\t\t\t\t\t\t\t<\/a>\n\t\t\t\t\t\t\t<a class=\"e-gallery-item elementor-gallery-item elementor-animated-content\" href=\"https:\/\/admjc38.org\/wp-content\/uploads\/2026\/04\/IMG_0509-scaled.jpg\" data-elementor-open-lightbox=\"yes\" data-elementor-lightbox-slideshow=\"3faed94\" data-elementor-lightbox-title=\"IMG_0509\" data-e-action-hash=\"#elementor-action%3Aaction%3Dlightbox%26settings%3DeyJpZCI6MTA0MSwidXJsIjoiaHR0cHM6XC9cL2FkbWpjMzgub3JnXC93cC1jb250ZW50XC91cGxvYWRzXC8yMDI2XC8wNFwvSU1HXzA1MDktc2NhbGVkLmpwZyIsInNsaWRlc2hvdyI6IjNmYWVkOTQifQ%3D%3D\">\n\t\t\t\t\t<div class=\"e-gallery-image elementor-gallery-item__image\" data-thumbnail=\"https:\/\/admjc38.org\/wp-content\/uploads\/2026\/04\/IMG_0509-300x225.jpg\" data-width=\"300\" data-height=\"225\" aria-label=\"\" role=\"img\" ><\/div>\n\t\t\t\t\t\t\t\t\t\t\t<div class=\"elementor-gallery-item__overlay\"><\/div>\n\t\t\t\t\t\t\t\t\t\t\t\t\t\t<\/a>\n\t\t\t\t\t\t\t<a class=\"e-gallery-item elementor-gallery-item elementor-animated-content\" href=\"https:\/\/admjc38.org\/wp-content\/uploads\/2026\/04\/IMG_0540-scaled.jpg\" data-elementor-open-lightbox=\"yes\" data-elementor-lightbox-slideshow=\"3faed94\" data-elementor-lightbox-title=\"IMG_0540\" data-e-action-hash=\"#elementor-action%3Aaction%3Dlightbox%26settings%3DeyJpZCI6MTA0MywidXJsIjoiaHR0cHM6XC9cL2FkbWpjMzgub3JnXC93cC1jb250ZW50XC91cGxvYWRzXC8yMDI2XC8wNFwvSU1HXzA1NDAtc2NhbGVkLmpwZyIsInNsaWRlc2hvdyI6IjNmYWVkOTQifQ%3D%3D\">\n\t\t\t\t\t<div class=\"e-gallery-image elementor-gallery-item__image\" data-thumbnail=\"https:\/\/admjc38.org\/wp-content\/uploads\/2026\/04\/IMG_0540-300x225.jpg\" data-width=\"300\" data-height=\"225\" aria-label=\"\" role=\"img\" ><\/div>\n\t\t\t\t\t\t\t\t\t\t\t<div class=\"elementor-gallery-item__overlay\"><\/div>\n\t\t\t\t\t\t\t\t\t\t\t\t\t\t<\/a>\n\t\t\t\t\t\t\t<a class=\"e-gallery-item elementor-gallery-item elementor-animated-content\" href=\"https:\/\/admjc38.org\/wp-content\/uploads\/2026\/04\/IMG_0578-scaled.jpg\" data-elementor-open-lightbox=\"yes\" data-elementor-lightbox-slideshow=\"3faed94\" data-elementor-lightbox-title=\"IMG_0578\" data-e-action-hash=\"#elementor-action%3Aaction%3Dlightbox%26settings%3DeyJpZCI6MTA0NCwidXJsIjoiaHR0cHM6XC9cL2FkbWpjMzgub3JnXC93cC1jb250ZW50XC91cGxvYWRzXC8yMDI2XC8wNFwvSU1HXzA1Nzgtc2NhbGVkLmpwZyIsInNsaWRlc2hvdyI6IjNmYWVkOTQifQ%3D%3D\">\n\t\t\t\t\t<div class=\"e-gallery-image elementor-gallery-item__image\" data-thumbnail=\"https:\/\/admjc38.org\/wp-content\/uploads\/2026\/04\/IMG_0578-300x225.jpg\" data-width=\"300\" data-height=\"225\" aria-label=\"\" role=\"img\" ><\/div>\n\t\t\t\t\t\t\t\t\t\t\t<div class=\"elementor-gallery-item__overlay\"><\/div>\n\t\t\t\t\t\t\t\t\t\t\t\t\t\t<\/a>\n\t\t\t\t\t\t\t<a class=\"e-gallery-item elementor-gallery-item elementor-animated-content\" href=\"https:\/\/admjc38.org\/wp-content\/uploads\/2026\/04\/IMG_0498-scaled.jpg\" data-elementor-open-lightbox=\"yes\" data-elementor-lightbox-slideshow=\"3faed94\" data-elementor-lightbox-title=\"IMG_0498\" data-e-action-hash=\"#elementor-action%3Aaction%3Dlightbox%26settings%3DeyJpZCI6MTA0NSwidXJsIjoiaHR0cHM6XC9cL2FkbWpjMzgub3JnXC93cC1jb250ZW50XC91cGxvYWRzXC8yMDI2XC8wNFwvSU1HXzA0OTgtc2NhbGVkLmpwZyIsInNsaWRlc2hvdyI6IjNmYWVkOTQifQ%3D%3D\">\n\t\t\t\t\t<div class=\"e-gallery-image elementor-gallery-item__image\" data-thumbnail=\"https:\/\/admjc38.org\/wp-content\/uploads\/2026\/04\/IMG_0498-300x225.jpg\" data-width=\"300\" data-height=\"225\" aria-label=\"\" role=\"img\" ><\/div>\n\t\t\t\t\t\t\t\t\t\t\t<div class=\"elementor-gallery-item__overlay\"><\/div>\n\t\t\t\t\t\t\t\t\t\t\t\t\t\t<\/a>\n\t\t\t\t\t\t\t<a class=\"e-gallery-item elementor-gallery-item elementor-animated-content\" href=\"https:\/\/admjc38.org\/wp-content\/uploads\/2026\/04\/IMG_0473-scaled.jpg\" data-elementor-open-lightbox=\"yes\" data-elementor-lightbox-slideshow=\"3faed94\" data-elementor-lightbox-title=\"IMG_0473\" data-e-action-hash=\"#elementor-action%3Aaction%3Dlightbox%26settings%3DeyJpZCI6MTA0NywidXJsIjoiaHR0cHM6XC9cL2FkbWpjMzgub3JnXC93cC1jb250ZW50XC91cGxvYWRzXC8yMDI2XC8wNFwvSU1HXzA0NzMtc2NhbGVkLmpwZyIsInNsaWRlc2hvdyI6IjNmYWVkOTQifQ%3D%3D\">\n\t\t\t\t\t<div class=\"e-gallery-image elementor-gallery-item__image\" data-thumbnail=\"https:\/\/admjc38.org\/wp-content\/uploads\/2026\/04\/IMG_0473-300x225.jpg\" data-width=\"300\" data-height=\"225\" aria-label=\"\" role=\"img\" ><\/div>\n\t\t\t\t\t\t\t\t\t\t\t<div class=\"elementor-gallery-item__overlay\"><\/div>\n\t\t\t\t\t\t\t\t\t\t\t\t\t\t<\/a>\n\t\t\t\t\t\t\t<a class=\"e-gallery-item elementor-gallery-item elementor-animated-content\" href=\"https:\/\/admjc38.org\/wp-content\/uploads\/2026\/04\/IMG_0549-scaled.jpg\" data-elementor-open-lightbox=\"yes\" data-elementor-lightbox-slideshow=\"3faed94\" data-elementor-lightbox-title=\"IMG_0549\" data-e-action-hash=\"#elementor-action%3Aaction%3Dlightbox%26settings%3DeyJpZCI6MTA0OCwidXJsIjoiaHR0cHM6XC9cL2FkbWpjMzgub3JnXC93cC1jb250ZW50XC91cGxvYWRzXC8yMDI2XC8wNFwvSU1HXzA1NDktc2NhbGVkLmpwZyIsInNsaWRlc2hvdyI6IjNmYWVkOTQifQ%3D%3D\">\n\t\t\t\t\t<div class=\"e-gallery-image elementor-gallery-item__image\" data-thumbnail=\"https:\/\/admjc38.org\/wp-content\/uploads\/2026\/04\/IMG_0549-300x225.jpg\" data-width=\"300\" data-height=\"225\" aria-label=\"\" role=\"img\" ><\/div>\n\t\t\t\t\t\t\t\t\t\t\t<div class=\"elementor-gallery-item__overlay\"><\/div>\n\t\t\t\t\t\t\t\t\t\t\t\t\t\t<\/a>\n\t\t\t\t\t\t\t<a class=\"e-gallery-item elementor-gallery-item elementor-animated-content\" href=\"https:\/\/admjc38.org\/wp-content\/uploads\/2026\/04\/IMG_0558-scaled.jpg\" data-elementor-open-lightbox=\"yes\" data-elementor-lightbox-slideshow=\"3faed94\" data-elementor-lightbox-title=\"IMG_0558\" data-e-action-hash=\"#elementor-action%3Aaction%3Dlightbox%26settings%3DeyJpZCI6MTA0OSwidXJsIjoiaHR0cHM6XC9cL2FkbWpjMzgub3JnXC93cC1jb250ZW50XC91cGxvYWRzXC8yMDI2XC8wNFwvSU1HXzA1NTgtc2NhbGVkLmpwZyIsInNsaWRlc2hvdyI6IjNmYWVkOTQifQ%3D%3D\">\n\t\t\t\t\t<div class=\"e-gallery-image elementor-gallery-item__image\" data-thumbnail=\"https:\/\/admjc38.org\/wp-content\/uploads\/2026\/04\/IMG_0558-300x225.jpg\" data-width=\"300\" data-height=\"225\" aria-label=\"\" role=\"img\" ><\/div>\n\t\t\t\t\t\t\t\t\t\t\t<div class=\"elementor-gallery-item__overlay\"><\/div>\n\t\t\t\t\t\t\t\t\t\t\t\t\t\t<\/a>\n\t\t\t\t\t<\/div>\n\t\t\t<\/div>\n\t\t\t\t<\/div>\n\t\t\t\t\t<\/div>\n\t\t\t\t<\/div>\n\t\t\t\t<\/div>\n\t\t","protected":false},"excerpt":{"rendered":"<p>Un \u00e9v\u00e8nement sur les pratiques artistiques amateurs dans les MJC et MPT de l&rsquo;Is\u00e8re \u00a0\u00bbMJCabaret\u00a0\u00bb est un \u00e9v\u00e8nement culturel de territoire qui [&hellip;]<\/p>\n","protected":false},"author":3,"featured_media":0,"parent":0,"menu_order":0,"comment_status":"closed","ping_status":"closed","template":"","meta":{"footnotes":""},"class_list":["post-1028","page","type-page","status-publish","hentry"],"yoast_head":"<!-- This site is optimized with the Yoast SEO plugin v24.8 - https:\/\/yoast.com\/wordpress\/plugins\/seo\/ -->\n<title>MJCabaret - AD MJC 38<\/title>\n<meta name=\"robots\" content=\"index, follow, max-snippet:-1, max-image-preview:large, max-video-preview:-1\" \/>\n<link rel=\"canonical\" href=\"https:\/\/admjc38.org\/index.php\/mjcabaret\/\" \/>\n<meta property=\"og:locale\" content=\"fr_FR\" \/>\n<meta property=\"og:type\" content=\"article\" \/>\n<meta property=\"og:title\" content=\"MJCabaret - AD MJC 38\" \/>\n<meta property=\"og:description\" content=\"Un \u00e9v\u00e8nement sur les pratiques artistiques amateurs dans les MJC et MPT de l&rsquo;Is\u00e8re \u00a0\u00bbMJCabaret\u00a0\u00bb est un \u00e9v\u00e8nement culturel de territoire qui [&hellip;]\" \/>\n<meta property=\"og:url\" content=\"https:\/\/admjc38.org\/index.php\/mjcabaret\/\" \/>\n<meta property=\"og:site_name\" content=\"AD MJC 38\" \/>\n<meta property=\"article:modified_time\" content=\"2026-04-09T13:29:28+00:00\" \/>\n<meta property=\"og:image\" content=\"https:\/\/admjc38.org\/wp-content\/uploads\/2026\/04\/Dossier-MJCabaret-publisher-recadre.png\" \/>\n\t<meta property=\"og:image:width\" content=\"2283\" \/>\n\t<meta property=\"og:image:height\" content=\"542\" \/>\n\t<meta property=\"og:image:type\" content=\"image\/png\" \/>\n<meta name=\"twitter:card\" content=\"summary_large_image\" \/>\n<meta name=\"twitter:label1\" content=\"Dur\u00e9e de lecture estim\u00e9e\" \/>\n\t<meta name=\"twitter:data1\" content=\"2 minutes\" \/>\n<script type=\"application\/ld+json\" class=\"yoast-schema-graph\">{\"@context\":\"https:\/\/schema.org\",\"@graph\":[{\"@type\":\"WebPage\",\"@id\":\"https:\/\/admjc38.org\/index.php\/mjcabaret\/\",\"url\":\"https:\/\/admjc38.org\/index.php\/mjcabaret\/\",\"name\":\"MJCabaret - AD MJC 38\",\"isPartOf\":{\"@id\":\"https:\/\/admjc38.org\/#website\"},\"primaryImageOfPage\":{\"@id\":\"https:\/\/admjc38.org\/index.php\/mjcabaret\/#primaryimage\"},\"image\":{\"@id\":\"https:\/\/admjc38.org\/index.php\/mjcabaret\/#primaryimage\"},\"thumbnailUrl\":\"http:\/\/admjc38.org\/wp-content\/uploads\/2026\/04\/Dossier-MJCabaret-publisher-recadre-1024x243.png\",\"datePublished\":\"2026-04-09T13:10:13+00:00\",\"dateModified\":\"2026-04-09T13:29:28+00:00\",\"breadcrumb\":{\"@id\":\"https:\/\/admjc38.org\/index.php\/mjcabaret\/#breadcrumb\"},\"inLanguage\":\"fr-FR\",\"potentialAction\":[{\"@type\":\"ReadAction\",\"target\":[\"https:\/\/admjc38.org\/index.php\/mjcabaret\/\"]}]},{\"@type\":\"ImageObject\",\"inLanguage\":\"fr-FR\",\"@id\":\"https:\/\/admjc38.org\/index.php\/mjcabaret\/#primaryimage\",\"url\":\"https:\/\/admjc38.org\/wp-content\/uploads\/2026\/04\/Dossier-MJCabaret-publisher-recadre.png\",\"contentUrl\":\"https:\/\/admjc38.org\/wp-content\/uploads\/2026\/04\/Dossier-MJCabaret-publisher-recadre.png\",\"width\":2283,\"height\":542},{\"@type\":\"BreadcrumbList\",\"@id\":\"https:\/\/admjc38.org\/index.php\/mjcabaret\/#breadcrumb\",\"itemListElement\":[{\"@type\":\"ListItem\",\"position\":1,\"name\":\"Accueil\",\"item\":\"https:\/\/admjc38.org\/\"},{\"@type\":\"ListItem\",\"position\":2,\"name\":\"MJCabaret\"}]},{\"@type\":\"WebSite\",\"@id\":\"https:\/\/admjc38.org\/#website\",\"url\":\"https:\/\/admjc38.org\/\",\"name\":\"AD MJC 38\",\"description\":\"Le site des Maisons des Jeunes et de la Culture de l\u2019Is\u00e8re\u00a0\",\"publisher\":{\"@id\":\"https:\/\/admjc38.org\/#organization\"},\"potentialAction\":[{\"@type\":\"SearchAction\",\"target\":{\"@type\":\"EntryPoint\",\"urlTemplate\":\"https:\/\/admjc38.org\/?s={search_term_string}\"},\"query-input\":{\"@type\":\"PropertyValueSpecification\",\"valueRequired\":true,\"valueName\":\"search_term_string\"}}],\"inLanguage\":\"fr-FR\"},{\"@type\":\"Organization\",\"@id\":\"https:\/\/admjc38.org\/#organization\",\"name\":\"Association D\u00e9partementale des Maisons des Jeunes et de la Culture de l'Is\u00e8re\",\"url\":\"https:\/\/admjc38.org\/\",\"logo\":{\"@type\":\"ImageObject\",\"inLanguage\":\"fr-FR\",\"@id\":\"https:\/\/admjc38.org\/#\/schema\/logo\/image\/\",\"url\":\"https:\/\/admjc38.org\/wp-content\/uploads\/2024\/01\/Logo-AD-MJC-38.png\",\"contentUrl\":\"https:\/\/admjc38.org\/wp-content\/uploads\/2024\/01\/Logo-AD-MJC-38.png\",\"width\":441,\"height\":701,\"caption\":\"Association D\u00e9partementale des Maisons des Jeunes et de la Culture de l'Is\u00e8re\"},\"image\":{\"@id\":\"https:\/\/admjc38.org\/#\/schema\/logo\/image\/\"}}]}<\/script>\n<!-- \/ Yoast SEO plugin. -->","yoast_head_json":{"title":"MJCabaret - AD MJC 38","robots":{"index":"index","follow":"follow","max-snippet":"max-snippet:-1","max-image-preview":"max-image-preview:large","max-video-preview":"max-video-preview:-1"},"canonical":"https:\/\/admjc38.org\/index.php\/mjcabaret\/","og_locale":"fr_FR","og_type":"article","og_title":"MJCabaret - AD MJC 38","og_description":"Un \u00e9v\u00e8nement sur les pratiques artistiques amateurs dans les MJC et MPT de l&rsquo;Is\u00e8re \u00a0\u00bbMJCabaret\u00a0\u00bb est un \u00e9v\u00e8nement culturel de territoire qui [&hellip;]","og_url":"https:\/\/admjc38.org\/index.php\/mjcabaret\/","og_site_name":"AD MJC 38","article_modified_time":"2026-04-09T13:29:28+00:00","og_image":[{"width":2283,"height":542,"url":"https:\/\/admjc38.org\/wp-content\/uploads\/2026\/04\/Dossier-MJCabaret-publisher-recadre.png","type":"image\/png"}],"twitter_card":"summary_large_image","twitter_misc":{"Dur\u00e9e de lecture estim\u00e9e":"2 minutes"},"schema":{"@context":"https:\/\/schema.org","@graph":[{"@type":"WebPage","@id":"https:\/\/admjc38.org\/index.php\/mjcabaret\/","url":"https:\/\/admjc38.org\/index.php\/mjcabaret\/","name":"MJCabaret - AD MJC 38","isPartOf":{"@id":"https:\/\/admjc38.org\/#website"},"primaryImageOfPage":{"@id":"https:\/\/admjc38.org\/index.php\/mjcabaret\/#primaryimage"},"image":{"@id":"https:\/\/admjc38.org\/index.php\/mjcabaret\/#primaryimage"},"thumbnailUrl":"http:\/\/admjc38.org\/wp-content\/uploads\/2026\/04\/Dossier-MJCabaret-publisher-recadre-1024x243.png","datePublished":"2026-04-09T13:10:13+00:00","dateModified":"2026-04-09T13:29:28+00:00","breadcrumb":{"@id":"https:\/\/admjc38.org\/index.php\/mjcabaret\/#breadcrumb"},"inLanguage":"fr-FR","potentialAction":[{"@type":"ReadAction","target":["https:\/\/admjc38.org\/index.php\/mjcabaret\/"]}]},{"@type":"ImageObject","inLanguage":"fr-FR","@id":"https:\/\/admjc38.org\/index.php\/mjcabaret\/#primaryimage","url":"https:\/\/admjc38.org\/wp-content\/uploads\/2026\/04\/Dossier-MJCabaret-publisher-recadre.png","contentUrl":"https:\/\/admjc38.org\/wp-content\/uploads\/2026\/04\/Dossier-MJCabaret-publisher-recadre.png","width":2283,"height":542},{"@type":"BreadcrumbList","@id":"https:\/\/admjc38.org\/index.php\/mjcabaret\/#breadcrumb","itemListElement":[{"@type":"ListItem","position":1,"name":"Accueil","item":"https:\/\/admjc38.org\/"},{"@type":"ListItem","position":2,"name":"MJCabaret"}]},{"@type":"WebSite","@id":"https:\/\/admjc38.org\/#website","url":"https:\/\/admjc38.org\/","name":"AD MJC 38","description":"Le site des Maisons des Jeunes et de la Culture de l\u2019Is\u00e8re\u00a0","publisher":{"@id":"https:\/\/admjc38.org\/#organization"},"potentialAction":[{"@type":"SearchAction","target":{"@type":"EntryPoint","urlTemplate":"https:\/\/admjc38.org\/?s={search_term_string}"},"query-input":{"@type":"PropertyValueSpecification","valueRequired":true,"valueName":"search_term_string"}}],"inLanguage":"fr-FR"},{"@type":"Organization","@id":"https:\/\/admjc38.org\/#organization","name":"Association D\u00e9partementale des Maisons des Jeunes et de la Culture de l'Is\u00e8re","url":"https:\/\/admjc38.org\/","logo":{"@type":"ImageObject","inLanguage":"fr-FR","@id":"https:\/\/admjc38.org\/#\/schema\/logo\/image\/","url":"https:\/\/admjc38.org\/wp-content\/uploads\/2024\/01\/Logo-AD-MJC-38.png","contentUrl":"https:\/\/admjc38.org\/wp-content\/uploads\/2024\/01\/Logo-AD-MJC-38.png","width":441,"height":701,"caption":"Association D\u00e9partementale des Maisons des Jeunes et de la Culture de l'Is\u00e8re"},"image":{"@id":"https:\/\/admjc38.org\/#\/schema\/logo\/image\/"}}]}},"_links":{"self":[{"href":"https:\/\/admjc38.org\/index.php\/wp-json\/wp\/v2\/pages\/1028","targetHints":{"allow":["GET"]}}],"collection":[{"href":"https:\/\/admjc38.org\/index.php\/wp-json\/wp\/v2\/pages"}],"about":[{"href":"https:\/\/admjc38.org\/index.php\/wp-json\/wp\/v2\/types\/page"}],"author":[{"embeddable":true,"href":"https:\/\/admjc38.org\/index.php\/wp-json\/wp\/v2\/users\/3"}],"replies":[{"embeddable":true,"href":"https:\/\/admjc38.org\/index.php\/wp-json\/wp\/v2\/comments?post=1028"}],"version-history":[{"count":13,"href":"https:\/\/admjc38.org\/index.php\/wp-json\/wp\/v2\/pages\/1028\/revisions"}],"predecessor-version":[{"id":1055,"href":"https:\/\/admjc38.org\/index.php\/wp-json\/wp\/v2\/pages\/1028\/revisions\/1055"}],"wp:attachment":[{"href":"https:\/\/admjc38.org\/index.php\/wp-json\/wp\/v2\/media?parent=1028"}],"curies":[{"name":"wp","href":"https:\/\/api.w.org\/{rel}","templated":true}]}}