{"id":35,"date":"2024-01-06T19:02:10","date_gmt":"2024-01-06T18:02:10","guid":{"rendered":"https:\/\/admjc38.org\/?page_id=35"},"modified":"2025-09-11T10:58:31","modified_gmt":"2025-09-11T08:58:31","slug":"contact","status":"publish","type":"page","link":"https:\/\/admjc38.org\/index.php\/contact\/","title":{"rendered":"Contact"},"content":{"rendered":"\t\t<div data-elementor-type=\"wp-page\" data-elementor-id=\"35\" class=\"elementor elementor-35\" data-elementor-post-type=\"page\">\n\t\t\t\t<div class=\"elementor-element elementor-element-1add35c e-flex e-con-boxed e-con e-parent\" data-id=\"1add35c\" data-element_type=\"container\">\n\t\t\t\t\t<div class=\"e-con-inner\">\n\t\t\t\t<div class=\"elementor-element elementor-element-988ad9a elementor-widget elementor-widget-text-editor\" data-id=\"988ad9a\" data-element_type=\"widget\" data-widget_type=\"text-editor.default\">\n\t\t\t\t<div class=\"elementor-widget-container\">\n\t\t\t\t\t\t\t<p>Timoth\u00e9e LESCOT<\/p>\n<p>Animateur de r\u00e9seau<br \/>Association D\u00e9partementale des MJC et MPT de l\u2019Is\u00e8re<\/p>\n<p><span style=\"color: #0563c1;\"><u><a href=\"mailto:animation@admjc38.org\">animation@admjc38.org<\/a><\/u><\/span><\/p>\n<p>Tel. : 07 59 54 34 63<\/p>\t\t\t\t\t\t<\/div>\n\t\t\t\t<\/div>\n\t\t\t\t\t<\/div>\n\t\t\t\t<\/div>\n\t\t<div class=\"elementor-element elementor-element-1f8f4dc5 e-flex e-con-boxed e-con e-parent\" data-id=\"1f8f4dc5\" data-element_type=\"container\">\n\t\t\t\t\t<div class=\"e-con-inner\">\n\t\t\t\t\t<\/div>\n\t\t\t\t<\/div>\n\t\t\t\t<\/div>\n\t\t","protected":false},"excerpt":{"rendered":"<p>Timoth\u00e9e LESCOT Animateur de r\u00e9seauAssociation D\u00e9partementale des MJC et MPT de l\u2019Is\u00e8re animation@admjc38.org Tel. : 07 59 54 34 63<\/p>\n","protected":false},"author":2,"featured_media":0,"parent":0,"menu_order":0,"comment_status":"closed","ping_status":"closed","template":"","meta":{"footnotes":""},"class_list":["post-35","page","type-page","status-publish","hentry"],"yoast_head":"<!-- This site is optimized with the Yoast SEO plugin v24.8 - https:\/\/yoast.com\/wordpress\/plugins\/seo\/ -->\n<title>Contact - AD MJC 38<\/title>\n<meta name=\"description\" content=\"l\u2019AD MJC 38, l\u2019association d\u00e9partementale qui f\u00e9d\u00e8re et accompagne les Maisons des Jeunes et de la Culture de l\u2019Is\u00e8re.\" \/>\n<meta name=\"robots\" content=\"index, follow, max-snippet:-1, max-image-preview:large, max-video-preview:-1\" \/>\n<link rel=\"canonical\" href=\"https:\/\/admjc38.org\/index.php\/contact\/\" \/>\n<meta property=\"og:locale\" content=\"fr_FR\" \/>\n<meta property=\"og:type\" content=\"article\" \/>\n<meta property=\"og:title\" content=\"Contact - AD MJC 38\" \/>\n<meta property=\"og:description\" content=\"l\u2019AD MJC 38, l\u2019association d\u00e9partementale qui f\u00e9d\u00e8re et accompagne les Maisons des Jeunes et de la Culture de l\u2019Is\u00e8re.\" \/>\n<meta property=\"og:url\" content=\"https:\/\/admjc38.org\/index.php\/contact\/\" \/>\n<meta property=\"og:site_name\" content=\"AD MJC 38\" \/>\n<meta property=\"article:modified_time\" content=\"2025-09-11T08:58:31+00:00\" \/>\n<meta property=\"og:image\" content=\"http:\/\/admjc38.org\/wp-content\/uploads\/2024\/01\/Visuel-Accueil-2024.jpg\" \/>\n\t<meta property=\"og:image:width\" content=\"1414\" \/>\n\t<meta property=\"og:image:height\" content=\"1383\" \/>\n\t<meta property=\"og:image:type\" content=\"image\/jpeg\" \/>\n<meta name=\"twitter:card\" content=\"summary_large_image\" \/>\n<meta name=\"twitter:label1\" content=\"Dur\u00e9e de lecture estim\u00e9e\" \/>\n\t<meta name=\"twitter:data1\" content=\"1 minute\" \/>\n<script type=\"application\/ld+json\" class=\"yoast-schema-graph\">{\"@context\":\"https:\/\/schema.org\",\"@graph\":[{\"@type\":\"WebPage\",\"@id\":\"https:\/\/admjc38.org\/index.php\/contact\/\",\"url\":\"https:\/\/admjc38.org\/index.php\/contact\/\",\"name\":\"Contact - AD MJC 38\",\"isPartOf\":{\"@id\":\"https:\/\/admjc38.org\/#website\"},\"datePublished\":\"2024-01-06T18:02:10+00:00\",\"dateModified\":\"2025-09-11T08:58:31+00:00\",\"description\":\"l\u2019AD MJC 38, l\u2019association d\u00e9partementale qui f\u00e9d\u00e8re et accompagne les Maisons des Jeunes et de la Culture de l\u2019Is\u00e8re.\",\"breadcrumb\":{\"@id\":\"https:\/\/admjc38.org\/index.php\/contact\/#breadcrumb\"},\"inLanguage\":\"fr-FR\",\"potentialAction\":[{\"@type\":\"ReadAction\",\"target\":[\"https:\/\/admjc38.org\/index.php\/contact\/\"]}]},{\"@type\":\"BreadcrumbList\",\"@id\":\"https:\/\/admjc38.org\/index.php\/contact\/#breadcrumb\",\"itemListElement\":[{\"@type\":\"ListItem\",\"position\":1,\"name\":\"Accueil\",\"item\":\"https:\/\/admjc38.org\/\"},{\"@type\":\"ListItem\",\"position\":2,\"name\":\"Contact\"}]},{\"@type\":\"WebSite\",\"@id\":\"https:\/\/admjc38.org\/#website\",\"url\":\"https:\/\/admjc38.org\/\",\"name\":\"AD MJC 38\",\"description\":\"Le site des Maisons des Jeunes et de la Culture de l\u2019Is\u00e8re\u00a0\",\"publisher\":{\"@id\":\"https:\/\/admjc38.org\/#organization\"},\"potentialAction\":[{\"@type\":\"SearchAction\",\"target\":{\"@type\":\"EntryPoint\",\"urlTemplate\":\"https:\/\/admjc38.org\/?s={search_term_string}\"},\"query-input\":{\"@type\":\"PropertyValueSpecification\",\"valueRequired\":true,\"valueName\":\"search_term_string\"}}],\"inLanguage\":\"fr-FR\"},{\"@type\":\"Organization\",\"@id\":\"https:\/\/admjc38.org\/#organization\",\"name\":\"Association D\u00e9partementale des Maisons des Jeunes et de la Culture de l'Is\u00e8re\",\"url\":\"https:\/\/admjc38.org\/\",\"logo\":{\"@type\":\"ImageObject\",\"inLanguage\":\"fr-FR\",\"@id\":\"https:\/\/admjc38.org\/#\/schema\/logo\/image\/\",\"url\":\"https:\/\/admjc38.org\/wp-content\/uploads\/2024\/01\/Logo-AD-MJC-38.png\",\"contentUrl\":\"https:\/\/admjc38.org\/wp-content\/uploads\/2024\/01\/Logo-AD-MJC-38.png\",\"width\":441,\"height\":701,\"caption\":\"Association D\u00e9partementale des Maisons des Jeunes et de la Culture de l'Is\u00e8re\"},\"image\":{\"@id\":\"https:\/\/admjc38.org\/#\/schema\/logo\/image\/\"}}]}<\/script>\n<!-- \/ Yoast SEO plugin. -->","yoast_head_json":{"title":"Contact - AD MJC 38","description":"l\u2019AD MJC 38, l\u2019association d\u00e9partementale qui f\u00e9d\u00e8re et accompagne les Maisons des Jeunes et de la Culture de l\u2019Is\u00e8re.","robots":{"index":"index","follow":"follow","max-snippet":"max-snippet:-1","max-image-preview":"max-image-preview:large","max-video-preview":"max-video-preview:-1"},"canonical":"https:\/\/admjc38.org\/index.php\/contact\/","og_locale":"fr_FR","og_type":"article","og_title":"Contact - AD MJC 38","og_description":"l\u2019AD MJC 38, l\u2019association d\u00e9partementale qui f\u00e9d\u00e8re et accompagne les Maisons des Jeunes et de la Culture de l\u2019Is\u00e8re.","og_url":"https:\/\/admjc38.org\/index.php\/contact\/","og_site_name":"AD MJC 38","article_modified_time":"2025-09-11T08:58:31+00:00","og_image":[{"width":1414,"height":1383,"url":"http:\/\/admjc38.org\/wp-content\/uploads\/2024\/01\/Visuel-Accueil-2024.jpg","type":"image\/jpeg"}],"twitter_card":"summary_large_image","twitter_misc":{"Dur\u00e9e de lecture estim\u00e9e":"1 minute"},"schema":{"@context":"https:\/\/schema.org","@graph":[{"@type":"WebPage","@id":"https:\/\/admjc38.org\/index.php\/contact\/","url":"https:\/\/admjc38.org\/index.php\/contact\/","name":"Contact - AD MJC 38","isPartOf":{"@id":"https:\/\/admjc38.org\/#website"},"datePublished":"2024-01-06T18:02:10+00:00","dateModified":"2025-09-11T08:58:31+00:00","description":"l\u2019AD MJC 38, l\u2019association d\u00e9partementale qui f\u00e9d\u00e8re et accompagne les Maisons des Jeunes et de la Culture de l\u2019Is\u00e8re.","breadcrumb":{"@id":"https:\/\/admjc38.org\/index.php\/contact\/#breadcrumb"},"inLanguage":"fr-FR","potentialAction":[{"@type":"ReadAction","target":["https:\/\/admjc38.org\/index.php\/contact\/"]}]},{"@type":"BreadcrumbList","@id":"https:\/\/admjc38.org\/index.php\/contact\/#breadcrumb","itemListElement":[{"@type":"ListItem","position":1,"name":"Accueil","item":"https:\/\/admjc38.org\/"},{"@type":"ListItem","position":2,"name":"Contact"}]},{"@type":"WebSite","@id":"https:\/\/admjc38.org\/#website","url":"https:\/\/admjc38.org\/","name":"AD MJC 38","description":"Le site des Maisons des Jeunes et de la Culture de l\u2019Is\u00e8re\u00a0","publisher":{"@id":"https:\/\/admjc38.org\/#organization"},"potentialAction":[{"@type":"SearchAction","target":{"@type":"EntryPoint","urlTemplate":"https:\/\/admjc38.org\/?s={search_term_string}"},"query-input":{"@type":"PropertyValueSpecification","valueRequired":true,"valueName":"search_term_string"}}],"inLanguage":"fr-FR"},{"@type":"Organization","@id":"https:\/\/admjc38.org\/#organization","name":"Association D\u00e9partementale des Maisons des Jeunes et de la Culture de l'Is\u00e8re","url":"https:\/\/admjc38.org\/","logo":{"@type":"ImageObject","inLanguage":"fr-FR","@id":"https:\/\/admjc38.org\/#\/schema\/logo\/image\/","url":"https:\/\/admjc38.org\/wp-content\/uploads\/2024\/01\/Logo-AD-MJC-38.png","contentUrl":"https:\/\/admjc38.org\/wp-content\/uploads\/2024\/01\/Logo-AD-MJC-38.png","width":441,"height":701,"caption":"Association D\u00e9partementale des Maisons des Jeunes et de la Culture de l'Is\u00e8re"},"image":{"@id":"https:\/\/admjc38.org\/#\/schema\/logo\/image\/"}}]}},"_links":{"self":[{"href":"https:\/\/admjc38.org\/index.php\/wp-json\/wp\/v2\/pages\/35","targetHints":{"allow":["GET"]}}],"collection":[{"href":"https:\/\/admjc38.org\/index.php\/wp-json\/wp\/v2\/pages"}],"about":[{"href":"https:\/\/admjc38.org\/index.php\/wp-json\/wp\/v2\/types\/page"}],"author":[{"embeddable":true,"href":"https:\/\/admjc38.org\/index.php\/wp-json\/wp\/v2\/users\/2"}],"replies":[{"embeddable":true,"href":"https:\/\/admjc38.org\/index.php\/wp-json\/wp\/v2\/comments?post=35"}],"version-history":[{"count":16,"href":"https:\/\/admjc38.org\/index.php\/wp-json\/wp\/v2\/pages\/35\/revisions"}],"predecessor-version":[{"id":561,"href":"https:\/\/admjc38.org\/index.php\/wp-json\/wp\/v2\/pages\/35\/revisions\/561"}],"wp:attachment":[{"href":"https:\/\/admjc38.org\/index.php\/wp-json\/wp\/v2\/media?parent=35"}],"curies":[{"name":"wp","href":"https:\/\/api.w.org\/{rel}","templated":true}]}}

<div data-elementor-type="wp-page" data-elementor-id="35" class="elementor elementor-35" data-elementor-post-type="page">
				<div class="elementor-element elementor-element-1add35c e-flex e-con-boxed e-con e-parent" data-id="1add35c" data-element_type="container">
					<div class="e-con-inner">
				<div class="elementor-element elementor-element-988ad9a elementor-widget elementor-widget-text-editor" data-id="988ad9a" data-element_type="widget" data-widget_type="text-editor.default">
				<div class="elementor-widget-container">
							<p>Timothée LESCOT</p>
<p>Animateur de réseau<br />Association Départementale des MJC et MPT de l’Isère</p>
<p><span style="color: #0563c1;"><u><a href="mailto:animation@admjc38.org">animation@admjc38.org</a></u></span></p>
<p>Tel. : 07 59 54 34 63</p>						</div>
				</div>
					</div>
				</div>
		<div class="elementor-element elementor-element-1f8f4dc5 e-flex e-con-boxed e-con e-parent" data-id="1f8f4dc5" data-element_type="container">
					<div class="e-con-inner">
					</div>
				</div>
				</div>

<p>Timothée LESCOT Animateur de réseauAssociation Départementale des MJC et MPT de l’Isère animation@admjc38.org Tel. : 07 59 54 34 63</p>

<!-- This site is optimized with the Yoast SEO plugin v24.8 - https://yoast.com/wordpress/plugins/seo/ -->
<title>Contact - AD MJC 38</title>
<meta name="description" content="l’AD MJC 38, l’association départementale qui fédère et accompagne les Maisons des Jeunes et de la Culture de l’Isère." />
<meta name="robots" content="index, follow, max-snippet:-1, max-image-preview:large, max-video-preview:-1" />
<link rel="canonical" href="https://admjc38.org/index.php/contact/" />
<meta property="og:locale" content="fr_FR" />
<meta property="og:type" content="article" />
<meta property="og:title" content="Contact - AD MJC 38" />
<meta property="og:description" content="l’AD MJC 38, l’association départementale qui fédère et accompagne les Maisons des Jeunes et de la Culture de l’Isère." />
<meta property="og:url" content="https://admjc38.org/index.php/contact/" />
<meta property="og:site_name" content="AD MJC 38" />
<meta property="article:modified_time" content="2025-09-11T08:58:31+00:00" />
<meta property="og:image" content="http://admjc38.org/wp-content/uploads/2024/01/Visuel-Accueil-2024.jpg" />
	<meta property="og:image:width" content="1414" />
	<meta property="og:image:height" content="1383" />
	<meta property="og:image:type" content="image/jpeg" />
<meta name="twitter:card" content="summary_large_image" />
<meta name="twitter:label1" content="Durée de lecture estimée" />
	<meta name="twitter:data1" content="1 minute" />
<script type="application/ld+json" class="yoast-schema-graph">{"@context":"https://schema.org","@graph":[{"@type":"WebPage","@id":"https://admjc38.org/index.php/contact/","url":"https://admjc38.org/index.php/contact/","name":"Contact - AD MJC 38","isPartOf":{"@id":"https://admjc38.org/#website"},"datePublished":"2024-01-06T18:02:10+00:00","dateModified":"2025-09-11T08:58:31+00:00","description":"l’AD MJC 38, l’association départementale qui fédère et accompagne les Maisons des Jeunes et de la Culture de l’Isère.","breadcrumb":{"@id":"https://admjc38.org/index.php/contact/#breadcrumb"},"inLanguage":"fr-FR","potentialAction":[{"@type":"ReadAction","target":["https://admjc38.org/index.php/contact/"]}]},{"@type":"BreadcrumbList","@id":"https://admjc38.org/index.php/contact/#breadcrumb","itemListElement":[{"@type":"ListItem","position":1,"name":"Accueil","item":"https://admjc38.org/"},{"@type":"ListItem","position":2,"name":"Contact"}]},{"@type":"WebSite","@id":"https://admjc38.org/#website","url":"https://admjc38.org/","name":"AD MJC 38","description":"Le site des Maisons des Jeunes et de la Culture de l’Isère ","publisher":{"@id":"https://admjc38.org/#organization"},"potentialAction":[{"@type":"SearchAction","target":{"@type":"EntryPoint","urlTemplate":"https://admjc38.org/?s={search_term_string}"},"query-input":{"@type":"PropertyValueSpecification","valueRequired":true,"valueName":"search_term_string"}}],"inLanguage":"fr-FR"},{"@type":"Organization","@id":"https://admjc38.org/#organization","name":"Association Départementale des Maisons des Jeunes et de la Culture de l'Isère","url":"https://admjc38.org/","logo":{"@type":"ImageObject","inLanguage":"fr-FR","@id":"https://admjc38.org/#/schema/logo/image/","url":"https://admjc38.org/wp-content/uploads/2024/01/Logo-AD-MJC-38.png","contentUrl":"https://admjc38.org/wp-content/uploads/2024/01/Logo-AD-MJC-38.png","width":441,"height":701,"caption":"Association Départementale des Maisons des Jeunes et de la Culture de l'Isère"},"image":{"@id":"https://admjc38.org/#/schema/logo/image/"}}]}</script>
<!-- / Yoast SEO plugin. -->

l’AD MJC 38, l’association départementale qui fédère et accompagne les Maisons des Jeunes et de la Culture de l’Isère.

Le site des Maisons des Jeunes et de la Culture de l’Isère

Association Départementale des Maisons des Jeunes et de la Culture de l'Isère
